Last updated on 2024-07-27 15:50:33 CEST.
Flavor | Version | Tinstall | Tcheck | Ttotal | Status | Flags |
---|---|---|---|---|---|---|
r-devel-linux-x86_64-debian-clang | 1.1-18 | 9.62 | 84.76 | 94.38 | OK | |
r-devel-linux-x86_64-debian-gcc | 1.1-18 | OK | ||||
r-devel-linux-x86_64-fedora-clang | 1.1-18 | 113.95 | NOTE | |||
r-devel-linux-x86_64-fedora-gcc | 1.1-18 | 109.35 | OK | |||
r-devel-windows-x86_64 | 1.1-18 | 9.00 | 103.00 | 112.00 | OK | |
r-patched-linux-x86_64 | 1.1-18 | OK | ||||
r-release-linux-x86_64 | 1.1-18 | 6.88 | 80.05 | 86.93 | OK | |
r-release-macos-arm64 | 1.1-18 | 54.00 | OK | |||
r-release-macos-x86_64 | 1.1-18 | 56.00 | OK | |||
r-release-windows-x86_64 | 1.1-18 | 9.00 | 101.00 | 110.00 | OK | |
r-oldrel-macos-arm64 | 1.1-18 | 57.00 | OK | |||
r-oldrel-macos-x86_64 | 1.1-18 | 100.00 | OK | |||
r-oldrel-windows-x86_64 | 1.1-18 | 8.00 | 118.00 | 126.00 | OK |
Version: 1.1-18
Check: Rd cross-references
Result: NOTE
Undeclared packages ‘relevance’, ‘DescTools’ in Rd xrefs
Flavor: r-devel-linux-x86_64-fedora-clang
These binaries (installable software) and packages are in development.
They may not be fully stable and should be used with caution. We make no claims about them.