Last updated on 2024-07-27 15:50:33 CEST.
Flavor | Version | Tinstall | Tcheck | Ttotal | Status | Flags |
---|---|---|---|---|---|---|
r-devel-linux-x86_64-debian-clang | 0.9 | 2.58 | 30.37 | 32.95 | NOTE | |
r-devel-linux-x86_64-debian-gcc | 0.9 | NOTE | ||||
r-devel-linux-x86_64-fedora-clang | 0.9 | 42.89 | NOTE | |||
r-devel-linux-x86_64-fedora-gcc | 0.9 | 51.49 | NOTE | |||
r-devel-windows-x86_64 | 0.9 | 6.00 | 50.00 | 56.00 | NOTE | |
r-patched-linux-x86_64 | 0.9 | NOTE | ||||
r-release-linux-x86_64 | 0.9 | 1.75 | 29.47 | 31.22 | NOTE | |
r-release-macos-arm64 | 0.9 | 32.00 | NOTE | |||
r-release-macos-x86_64 | 0.9 | 45.00 | NOTE | |||
r-release-windows-x86_64 | 0.9 | 4.00 | 48.00 | 52.00 | NOTE | |
r-oldrel-macos-arm64 | 0.9 | 31.00 | NOTE | |||
r-oldrel-macos-x86_64 | 0.9 | 40.00 | NOTE | |||
r-oldrel-windows-x86_64 | 0.9 | 4.00 | 50.00 | 54.00 | NOTE |
Version: 0.9
Check: LazyData
Result: NOTE
'LazyData' is specified without a 'data' directory
Flavors: r-devel-linux-x86_64-debian-clang, r-devel-linux-x86_64-debian-gcc, r-devel-linux-x86_64-fedora-clang, r-devel-linux-x86_64-fedora-gcc, r-devel-windows-x86_64, r-patched-linux-x86_64, r-release-linux-x86_64, r-release-macos-arm64, r-release-macos-x86_64, r-release-windows-x86_64, r-oldrel-macos-arm64, r-oldrel-macos-x86_64, r-oldrel-windows-x86_64
Version: 0.9
Check: dependencies in R code
Result: NOTE
Namespace in Imports field not imported from: ‘plyr’
All declared Imports should be used.
Flavors: r-devel-linux-x86_64-fedora-clang, r-devel-linux-x86_64-fedora-gcc
These binaries (installable software) and packages are in development.
They may not be fully stable and should be used with caution. We make no claims about them.