Last updated on 2025-05-01 12:49:41 CEST.
Flavor | Version | Tinstall | Tcheck | Ttotal | Status | Flags |
---|---|---|---|---|---|---|
r-devel-linux-x86_64-debian-clang | 0.2.0 | 10.45 | 450.96 | 461.41 | NOTE | |
r-devel-linux-x86_64-debian-gcc | 0.2.0 | 8.31 | 284.58 | 292.89 | OK | |
r-devel-linux-x86_64-fedora-clang | 0.2.0 | 756.32 | OK | |||
r-devel-linux-x86_64-fedora-gcc | 0.2.0 | 679.90 | OK | |||
r-devel-windows-x86_64 | 0.2.0 | 13.00 | 379.00 | 392.00 | OK | |
r-patched-linux-x86_64 | 0.2.0 | 9.21 | 424.15 | 433.36 | OK | |
r-release-linux-x86_64 | OK | |||||
r-release-macos-arm64 | 0.2.0 | 177.00 | OK | |||
r-release-macos-x86_64 | 0.2.0 | 370.00 | OK | |||
r-release-windows-x86_64 | 0.2.0 | 14.00 | 385.00 | 399.00 | OK | |
r-oldrel-macos-arm64 | 0.2.0 | 163.00 | OK | |||
r-oldrel-macos-x86_64 | 0.2.0 | 354.00 | OK | |||
r-oldrel-windows-x86_64 | 0.2.0 | 15.00 | 553.00 | 568.00 | OK |
Version: 0.2.0
Check: examples
Result: NOTE
Examples with CPU (user + system) or elapsed time > 5s
user system elapsed
plot_path 9.276 0.061 11.178
get_coef_path 8.345 0.131 10.027
Flavor: r-devel-linux-x86_64-debian-clang
Version: 0.2.0
Check: examples
Result: NA
user system elapsed
plot_path 6.325 0.082 7.979
get_coef_path 6.168 0.160 7.997
OK
Flavor: r-devel-linux-x86_64-debian-gcc
These binaries (installable software) and packages are in development.
They may not be fully stable and should be used with caution. We make no claims about them.