Last updated on 2025-05-01 08:52:46 CEST.
Flavor | Version | Tinstall | Tcheck | Ttotal | Status | Flags |
---|---|---|---|---|---|---|
r-devel-linux-x86_64-debian-clang | 1.1.2 | 30.60 | 34.13 | 64.73 | NOTE | |
r-devel-linux-x86_64-debian-gcc | 1.1.2 | 22.14 | 26.95 | 49.09 | NOTE | |
r-devel-linux-x86_64-fedora-clang | 1.1.2 | 117.81 | OK | |||
r-devel-linux-x86_64-fedora-gcc | 1.1.2 | 122.35 | OK | |||
r-devel-windows-x86_64 | 1.1.2 | 39.00 | 71.00 | 110.00 | OK | |
r-patched-linux-x86_64 | 1.1.2 | 33.02 | 33.07 | 66.09 | NOTE | |
r-release-linux-x86_64 | NOTE | |||||
r-release-macos-arm64 | 1.1.2 | 38.00 | OK | |||
r-release-macos-x86_64 | 1.1.2 | 68.00 | OK | |||
r-release-windows-x86_64 | 1.1.2 | 41.00 | 75.00 | 116.00 | OK | |
r-oldrel-macos-arm64 | 1.1.2 | 37.00 | OK | |||
r-oldrel-macos-x86_64 | 1.1.2 | 62.00 | OK | |||
r-oldrel-windows-x86_64 | 1.1.2 | 43.00 | 84.00 | 127.00 | OK |
Version: 1.1.2
Check: for unstated dependencies in ‘demo’
Result: NOTE
'library' or 'require' call not declared from: ‘microbenchmark’
Flavors: r-devel-linux-x86_64-debian-clang, r-devel-linux-x86_64-debian-gcc, r-patched-linux-x86_64, r-release-linux-x86_64
These binaries (installable software) and packages are in development.
They may not be fully stable and should be used with caution. We make no claims about them.