CRAN Package Check Results for Package sglr

Last updated on 2025-07-17 21:51:00 CEST.

Flavor Version Tinstall Tcheck Ttotal Status Flags
r-devel-linux-x86_64-debian-clang 0.8 6.17 57.94 64.11 NOTE
r-devel-linux-x86_64-debian-gcc 0.8 3.95 41.21 45.16 NOTE
r-devel-linux-x86_64-fedora-clang 0.8 102.67 NOTE
r-devel-linux-x86_64-fedora-gcc 0.8 93.57 NOTE
r-devel-windows-x86_64 0.8 7.00 67.00 74.00 OK
r-patched-linux-x86_64 0.8 6.56 52.30 58.86 OK
r-release-linux-x86_64 0.8 6.52 52.29 58.81 OK
r-release-macos-arm64 0.8 28.00 OK
r-release-macos-x86_64 0.8 51.00 OK
r-release-windows-x86_64 0.8 9.00 67.00 76.00 OK
r-oldrel-macos-arm64 0.8 29.00 OK
r-oldrel-macos-x86_64 0.8 46.00 OK
r-oldrel-windows-x86_64 0.8 10.00 83.00 93.00 OK

Check Details

Version: 0.8
Check: CRAN incoming feasibility
Result: NOTE Maintainer: ‘Balasubramanian Narasimhan <naras@stat.stanford.edu>’ No Authors@R field in DESCRIPTION. Please add one, modifying Authors@R: person(given = "Balasubramanian", family = "Narasimhan", role = c("aut", "cre"), email = "naras@stat.stanford.edu", comment = "with input from Tze Lai and Mei-Chiung Shih") as necessary. Flavors: r-devel-linux-x86_64-debian-clang, r-devel-linux-x86_64-debian-gcc

Version: 0.8
Check: dependencies in R code
Result: NOTE Namespace in Imports field not imported from: ‘rlang’ All declared Imports should be used. Flavors: r-devel-linux-x86_64-fedora-clang, r-devel-linux-x86_64-fedora-gcc

These binaries (installable software) and packages are in development.
They may not be fully stable and should be used with caution. We make no claims about them.