Last updated on 2025-05-01 12:49:41 CEST.
Flavor | Version | Tinstall | Tcheck | Ttotal | Status | Flags |
---|---|---|---|---|---|---|
r-devel-linux-x86_64-debian-clang | 0.8 | 5.68 | 57.84 | 63.52 | NOTE | |
r-devel-linux-x86_64-debian-gcc | 0.8 | 4.46 | 39.50 | 43.96 | NOTE | |
r-devel-linux-x86_64-fedora-clang | 0.8 | 96.94 | NOTE | |||
r-devel-linux-x86_64-fedora-gcc | 0.8 | 85.19 | NOTE | |||
r-devel-windows-x86_64 | 0.8 | 9.00 | 70.00 | 79.00 | OK | |
r-patched-linux-x86_64 | 0.8 | 4.94 | 53.87 | 58.81 | OK | |
r-release-linux-x86_64 | OK | |||||
r-release-macos-arm64 | 0.8 | 28.00 | OK | |||
r-release-macos-x86_64 | 0.8 | 51.00 | OK | |||
r-release-windows-x86_64 | 0.8 | 9.00 | 71.00 | 80.00 | OK | |
r-oldrel-macos-arm64 | 0.8 | 29.00 | OK | |||
r-oldrel-macos-x86_64 | 0.8 | 46.00 | OK | |||
r-oldrel-windows-x86_64 | 0.8 | 11.00 | 83.00 | 94.00 | OK |
Version: 0.8
Check: CRAN incoming feasibility
Result: NOTE
Maintainer: ‘Balasubramanian Narasimhan <naras@stat.stanford.edu>’
No Authors@R field in DESCRIPTION.
Please add one, modifying
Authors@R: person(given = "Balasubramanian",
family = "Narasimhan",
role = c("aut", "cre"),
email = "naras@stat.stanford.edu",
comment = "with input from Tze Lai and Mei-Chiung Shih")
as necessary.
Flavors: r-devel-linux-x86_64-debian-clang, r-devel-linux-x86_64-debian-gcc
Version: 0.8
Check: examples
Result: NOTE
Examples with CPU (user + system) or elapsed time > 5s
user system elapsed
glrSearch 6.616 0.068 9.378
Flavor: r-devel-linux-x86_64-debian-clang
Version: 0.8
Check: dependencies in R code
Result: NOTE
Namespace in Imports field not imported from: ‘rlang’
All declared Imports should be used.
Flavors: r-devel-linux-x86_64-fedora-clang, r-devel-linux-x86_64-fedora-gcc
These binaries (installable software) and packages are in development.
They may not be fully stable and should be used with caution. We make no claims about them.