Last updated on 2025-11-11 15:50:47 CET.
| Flavor | Version | Tinstall | Tcheck | Ttotal | Status | Flags |
|---|---|---|---|---|---|---|
| r-devel-linux-x86_64-debian-clang | 0.1.2 | 4.62 | 62.23 | 66.85 | NOTE | |
| r-devel-linux-x86_64-debian-gcc | 0.1.2 | 3.93 | 45.63 | 49.56 | NOTE | |
| r-devel-linux-x86_64-fedora-clang | 0.1.2 | 11.00 | 95.22 | 106.22 | OK | |
| r-devel-linux-x86_64-fedora-gcc | 0.1.2 | 12.00 | 105.87 | 117.87 | OK | |
| r-devel-windows-x86_64 | 0.1.2 | 8.00 | 72.00 | 80.00 | OK | |
| r-patched-linux-x86_64 | 0.1.2 | 5.52 | 58.77 | 64.29 | OK | |
| r-release-linux-x86_64 | 0.1.2 | 5.04 | 59.53 | 64.57 | OK | |
| r-release-macos-arm64 | 0.1.2 | 2.00 | 33.00 | 35.00 | OK | |
| r-release-macos-x86_64 | 0.1.2 | 4.00 | 60.00 | 64.00 | OK | |
| r-release-windows-x86_64 | 0.1.2 | 8.00 | 74.00 | 82.00 | OK | |
| r-oldrel-macos-arm64 | 0.1.2 | 2.00 | 31.00 | 33.00 | OK | |
| r-oldrel-macos-x86_64 | 0.1.2 | 4.00 | 52.00 | 56.00 | OK | |
| r-oldrel-windows-x86_64 | 0.1.2 | 9.00 | 98.00 | 107.00 | OK |
Version: 0.1.2
Check: CRAN incoming feasibility
Result: NOTE
Maintainer: ‘Thomas Vigie <vigiethomas@gmail.com>’
No Authors@R field in DESCRIPTION.
Please add one, modifying
Authors@R: person(given = "Thomas",
family = "Vigie",
role = c("aut", "cre"),
email = "vigiethomas@gmail.com")
as necessary.
Flavors: r-devel-linux-x86_64-debian-clang, r-devel-linux-x86_64-debian-gcc
These binaries (installable software) and packages are in development.
They may not be fully stable and should be used with caution. We make no claims about them.