CRAN Package Check Results for Package sgmodel

Last updated on 2025-10-09 21:50:30 CEST.

Flavor Version Tinstall Tcheck Ttotal Status Flags
r-devel-linux-x86_64-debian-clang 0.1.2 5.39 63.42 68.81 NOTE
r-devel-linux-x86_64-debian-gcc 0.1.2 3.83 46.45 50.28 NOTE
r-devel-linux-x86_64-fedora-clang 0.1.2 106.14 OK
r-devel-linux-x86_64-fedora-gcc 0.1.2 118.86 OK
r-devel-windows-x86_64 0.1.2 8.00 75.00 83.00 OK
r-patched-linux-x86_64 0.1.2 4.78 58.92 63.70 OK
r-release-linux-x86_64 0.1.2 4.59 57.86 62.45 OK
r-release-macos-arm64 0.1.2 35.00 OK
r-release-macos-x86_64 0.1.2 64.00 OK
r-release-windows-x86_64 0.1.2 8.00 75.00 83.00 OK
r-oldrel-macos-arm64 0.1.2 33.00 OK
r-oldrel-macos-x86_64 0.1.2 56.00 OK
r-oldrel-windows-x86_64 0.1.2 10.00 99.00 109.00 OK

Check Details

Version: 0.1.2
Check: CRAN incoming feasibility
Result: NOTE Maintainer: ‘Thomas Vigie <vigiethomas@gmail.com>’ No Authors@R field in DESCRIPTION. Please add one, modifying Authors@R: person(given = "Thomas", family = "Vigie", role = c("aut", "cre"), email = "vigiethomas@gmail.com") as necessary. Flavors: r-devel-linux-x86_64-debian-clang, r-devel-linux-x86_64-debian-gcc

These binaries (installable software) and packages are in development.
They may not be fully stable and should be used with caution. We make no claims about them.