CRAN Package Check Results for Package sgmodel

Last updated on 2025-05-08 04:52:18 CEST.

Flavor Version Tinstall Tcheck Ttotal Status Flags
r-devel-linux-x86_64-debian-clang 0.1.2 5.14 54.31 59.45 NOTE
r-devel-linux-x86_64-debian-gcc 0.1.2 3.31 37.75 41.06 NOTE
r-devel-linux-x86_64-fedora-clang 0.1.2 87.35 OK
r-devel-linux-x86_64-fedora-gcc 0.1.2 103.82 OK
r-devel-windows-x86_64 0.1.2 8.00 69.00 77.00 OK
r-patched-linux-x86_64 0.1.2 5.18 49.62 54.80 OK
r-release-linux-x86_64 0.1.2 4.56 49.42 53.98 OK
r-release-macos-arm64 0.1.2 35.00 OK
r-release-macos-x86_64 0.1.2 64.00 OK
r-release-windows-x86_64 0.1.2 7.00 70.00 77.00 OK
r-oldrel-macos-arm64 0.1.2 33.00 OK
r-oldrel-macos-x86_64 0.1.2 56.00 OK
r-oldrel-windows-x86_64 0.1.2 8.00 86.00 94.00 OK

Check Details

Version: 0.1.2
Check: CRAN incoming feasibility
Result: NOTE Maintainer: ‘Thomas Vigie <vigiethomas@gmail.com>’ No Authors@R field in DESCRIPTION. Please add one, modifying Authors@R: person(given = "Thomas", family = "Vigie", role = c("aut", "cre"), email = "vigiethomas@gmail.com") as necessary. Flavors: r-devel-linux-x86_64-debian-clang, r-devel-linux-x86_64-debian-gcc

These binaries (installable software) and packages are in development.
They may not be fully stable and should be used with caution. We make no claims about them.