CRAN Package Check Results for Package sgof

Last updated on 2025-11-11 15:50:47 CET.

Flavor Version Tinstall Tcheck Ttotal Status Flags
r-devel-linux-x86_64-debian-clang 2.3.5 3.93 42.96 46.89 NOTE
r-devel-linux-x86_64-debian-gcc 2.3.5 2.82 31.77 34.59 NOTE
r-devel-linux-x86_64-fedora-clang 2.3.5 72.09 OK
r-devel-linux-x86_64-fedora-gcc 2.3.5 71.46 OK
r-devel-windows-x86_64 2.3.5 4.00 63.00 67.00 OK
r-patched-linux-x86_64 2.3.5 4.10 41.37 45.47 OK
r-release-linux-x86_64 2.3.5 3.78 41.19 44.97 OK
r-release-macos-arm64 2.3.5 2.00 24.00 26.00 OK
r-release-macos-x86_64 2.3.5 4.00 38.00 42.00 OK
r-release-windows-x86_64 2.3.5 5.00 64.00 69.00 OK
r-oldrel-macos-arm64 2.3.5 2.00 23.00 25.00 OK
r-oldrel-macos-x86_64 2.3.5 6.00 77.00 83.00 OK
r-oldrel-windows-x86_64 2.3.5 4.00 72.00 76.00 OK

Check Details

Version: 2.3.5
Check: CRAN incoming feasibility
Result: NOTE Maintainer: ‘Irene Castro Conde <irene.castro@uvigo.es>’ No Authors@R field in DESCRIPTION. Please add one, modifying Authors@R: c(person(given = c("Irene", "Castro"), family = "Conde", role = c("aut", "cre"), email = "irene.castro@uvigo.es"), person(given = c("Jacobo", "de", "Una"), family = "Alvarez", role = "aut")) as necessary. Flavors: r-devel-linux-x86_64-debian-clang, r-devel-linux-x86_64-debian-gcc

These binaries (installable software) and packages are in development.
They may not be fully stable and should be used with caution. We make no claims about them.