Last updated on 2025-02-02 14:48:34 CET.
Flavor | Version | Tinstall | Tcheck | Ttotal | Status | Flags |
---|---|---|---|---|---|---|
r-devel-linux-x86_64-debian-clang | 1.1.0 | 5.06 | 55.88 | 60.94 | NOTE | |
r-devel-linux-x86_64-debian-gcc | 1.1.0 | 3.95 | 39.18 | 43.13 | NOTE | |
r-devel-linux-x86_64-fedora-clang | 1.1.0 | 94.84 | NOTE | |||
r-devel-linux-x86_64-fedora-gcc | 1.1.0 | 110.80 | NOTE | |||
r-devel-windows-x86_64 | 1.1.0 | 8.00 | 73.00 | 81.00 | NOTE | |
r-patched-linux-x86_64 | 1.1.0 | 5.48 | 51.19 | 56.67 | OK | |
r-release-linux-x86_64 | 1.1.0 | 4.62 | 51.05 | 55.67 | OK | |
r-release-macos-arm64 | 1.1.0 | 39.00 | OK | |||
r-release-macos-x86_64 | 1.1.0 | 104.00 | OK | |||
r-release-windows-x86_64 | 1.1.0 | 8.00 | 73.00 | 81.00 | OK | |
r-oldrel-macos-arm64 | 1.1.0 | 42.00 | OK | |||
r-oldrel-macos-x86_64 | 1.1.0 | 75.00 | OK | |||
r-oldrel-windows-x86_64 | 1.1.0 | 9.00 | 84.00 | 93.00 | OK |
Version: 1.1.0
Check: DESCRIPTION meta-information
Result: NOTE
Missing dependency on R >= 4.1.0 because package code uses the pipe
|> or function shorthand \(...) syntax added in R 4.1.0.
File(s) using such syntax:
‘sgraph_utils.R’
Flavors: r-devel-linux-x86_64-debian-clang, r-devel-linux-x86_64-debian-gcc, r-devel-linux-x86_64-fedora-clang, r-devel-linux-x86_64-fedora-gcc, r-devel-windows-x86_64
These binaries (installable software) and packages are in development.
They may not be fully stable and should be used with caution. We make no claims about them.