Last updated on 2025-11-13 17:50:48 CET.
| Flavor | Version | Tinstall | Tcheck | Ttotal | Status | Flags |
|---|---|---|---|---|---|---|
| r-devel-linux-x86_64-debian-clang | 1.1.0 | 6.24 | 69.86 | 76.10 | NOTE | |
| r-devel-linux-x86_64-debian-gcc | 1.1.0 | 3.89 | 51.15 | 55.04 | NOTE | |
| r-devel-linux-x86_64-fedora-clang | 1.1.0 | 13.00 | 105.99 | 118.99 | NOTE | |
| r-devel-linux-x86_64-fedora-gcc | 1.1.0 | 13.00 | 114.87 | 127.87 | NOTE | |
| r-devel-windows-x86_64 | 1.1.0 | 10.00 | 80.00 | 90.00 | NOTE | |
| r-patched-linux-x86_64 | 1.1.0 | 6.42 | 65.61 | 72.03 | NOTE | |
| r-release-linux-x86_64 | 1.1.0 | 5.86 | 64.90 | 70.76 | NOTE | |
| r-release-macos-arm64 | 1.1.0 | 3.00 | 54.00 | 57.00 | NOTE | |
| r-release-macos-x86_64 | 1.1.0 | 5.00 | 66.00 | 71.00 | NOTE | |
| r-release-windows-x86_64 | 1.1.0 | 10.00 | 79.00 | 89.00 | NOTE | |
| r-oldrel-macos-arm64 | 1.1.0 | 3.00 | 36.00 | 39.00 | OK | |
| r-oldrel-macos-x86_64 | 1.1.0 | 7.00 | 97.00 | 104.00 | OK | |
| r-oldrel-windows-x86_64 | 1.1.0 | 12.00 | 104.00 | 116.00 | OK |
Version: 1.1.0
Check: DESCRIPTION meta-information
Result: NOTE
Missing dependency on R >= 4.1.0 because package code uses the pipe
|> or function shorthand \(...) syntax added in R 4.1.0.
File(s) using such syntax:
‘sgraph_utils.R’
Flavors: r-devel-linux-x86_64-debian-clang, r-devel-linux-x86_64-debian-gcc, r-devel-linux-x86_64-fedora-clang, r-devel-linux-x86_64-fedora-gcc, r-devel-windows-x86_64, r-patched-linux-x86_64, r-release-linux-x86_64, r-release-macos-arm64, r-release-macos-x86_64, r-release-windows-x86_64
These binaries (installable software) and packages are in development.
They may not be fully stable and should be used with caution. We make no claims about them.