CRAN Package Check Results for Package sgsR

Last updated on 2025-10-23 23:49:44 CEST.

Flavor Version Tinstall Tcheck Ttotal Status Flags
r-devel-linux-x86_64-debian-clang 1.5.0 8.36 385.58 393.94 NOTE
r-devel-linux-x86_64-debian-gcc 1.5.0 5.29 256.37 261.66 OK
r-devel-linux-x86_64-fedora-clang 1.5.0 46.00 606.43 652.43 OK
r-devel-linux-x86_64-fedora-gcc 1.5.0 21.00 608.17 629.17 OK
r-devel-windows-x86_64 1.5.0 10.00 317.00 327.00 OK
r-patched-linux-x86_64 1.5.0 8.65 372.72 381.37 OK
r-release-linux-x86_64 1.5.0 7.61 370.22 377.83 OK
r-release-macos-arm64 1.5.0 4.00 164.00 168.00 OK
r-release-macos-x86_64 1.5.0 7.00 374.00 381.00 OK
r-release-windows-x86_64 1.5.0 12.00 320.00 332.00 OK
r-oldrel-macos-arm64 1.5.0 4.00 161.00 165.00 OK
r-oldrel-macos-x86_64 1.5.0 6.00 306.00 312.00 OK
r-oldrel-windows-x86_64 1.5.0 15.00 415.00 430.00 OK

Check Details

Version: 1.5.0
Check: HTML version of manual
Result: NOTE Found the following HTML validation problems: prepare_existing.html:76:1 (prepare_existing.Rd:27): Warning: missing </ul> before </div> vectorize.html:72:1 (vectorize.Rd:28): Warning: missing </ul> before </div> Flavor: r-devel-linux-x86_64-debian-clang

These binaries (installable software) and packages are in development.
They may not be fully stable and should be used with caution. We make no claims about them.