CRAN Package Check Results for Package shades

Last updated on 2025-11-12 23:50:59 CET.

Flavor Version Tinstall Tcheck Ttotal Status Flags
r-devel-linux-x86_64-debian-clang 1.4.0 2.25 28.86 31.11 NOTE
r-devel-linux-x86_64-debian-gcc 1.4.0 1.69 22.96 24.65 NOTE
r-devel-linux-x86_64-fedora-clang 1.4.0 45.16 OK
r-devel-linux-x86_64-fedora-gcc 1.4.0 42.73 OK
r-devel-windows-x86_64 1.4.0 5.00 46.00 51.00 OK
r-patched-linux-x86_64 1.4.0 2.31 25.84 28.15 OK
r-release-linux-x86_64 1.4.0 2.14 26.24 28.38 OK
r-release-macos-arm64 1.4.0 1.00 17.00 18.00 OK
r-release-macos-x86_64 1.4.0 2.00 27.00 29.00 OK
r-release-windows-x86_64 1.4.0 3.00 46.00 49.00 OK
r-oldrel-macos-arm64 1.4.0 1.00 22.00 23.00 OK
r-oldrel-macos-x86_64 1.4.0 2.00 22.00 24.00 OK
r-oldrel-windows-x86_64 1.4.0 4.00 54.00 58.00 OK

Check Details

Version: 1.4.0
Check: CRAN incoming feasibility
Result: NOTE Maintainer: ‘Jon Clayden <code@clayden.org>’ No Authors@R field in DESCRIPTION. Please add one, modifying Authors@R: person(given = "Jon", family = "Clayden", role = c("aut", "cre"), email = "code@clayden.org") as necessary. Flavors: r-devel-linux-x86_64-debian-clang, r-devel-linux-x86_64-debian-gcc

These binaries (installable software) and packages are in development.
They may not be fully stable and should be used with caution. We make no claims about them.