CRAN Package Check Results for Package shades

Last updated on 2025-07-25 01:49:39 CEST.

Flavor Version Tinstall Tcheck Ttotal Status Flags
r-devel-linux-x86_64-debian-clang 1.4.0 2.29 26.67 28.96 NOTE
r-devel-linux-x86_64-debian-gcc 1.4.0 1.71 21.60 23.31 NOTE
r-devel-linux-x86_64-fedora-clang 1.4.0 42.93 OK
r-devel-linux-x86_64-fedora-gcc 1.4.0 41.39 OK
r-devel-windows-x86_64 1.4.0 3.00 50.00 53.00 OK
r-patched-linux-x86_64 1.4.0 2.25 23.52 25.77 OK
r-release-linux-x86_64 1.4.0 2.07 23.81 25.88 OK
r-release-macos-arm64 1.4.0 18.00 OK
r-release-macos-x86_64 1.4.0 29.00 OK
r-release-windows-x86_64 1.4.0 3.00 50.00 53.00 OK
r-oldrel-macos-arm64 1.4.0 23.00 OK
r-oldrel-macos-x86_64 1.4.0 24.00 OK
r-oldrel-windows-x86_64 1.4.0 4.00 52.00 56.00 OK

Check Details

Version: 1.4.0
Check: CRAN incoming feasibility
Result: NOTE Maintainer: ‘Jon Clayden <code@clayden.org>’ No Authors@R field in DESCRIPTION. Please add one, modifying Authors@R: person(given = "Jon", family = "Clayden", role = c("aut", "cre"), email = "code@clayden.org") as necessary. Flavors: r-devel-linux-x86_64-debian-clang, r-devel-linux-x86_64-debian-gcc

These binaries (installable software) and packages are in development.
They may not be fully stable and should be used with caution. We make no claims about them.