CRAN Package Check Results for Package shades

Last updated on 2025-05-22 06:51:59 CEST.

Flavor Version Tinstall Tcheck Ttotal Status Flags
r-devel-linux-x86_64-debian-clang 1.4.0 2.33 26.01 28.34 NOTE
r-devel-linux-x86_64-debian-gcc 1.4.0 1.75 20.67 22.42 NOTE
r-devel-linux-x86_64-fedora-clang 1.4.0 43.93 OK
r-devel-linux-x86_64-fedora-gcc 1.4.0 43.33 OK
r-devel-windows-x86_64 1.4.0 3.00 48.00 51.00 OK
r-patched-linux-x86_64 1.4.0 2.43 23.88 26.31 OK
r-release-linux-x86_64 1.4.0 2.16 24.05 26.21 OK
r-release-macos-arm64 1.4.0 18.00 OK
r-release-macos-x86_64 1.4.0 29.00 OK
r-release-windows-x86_64 1.4.0 5.00 49.00 54.00 OK
r-oldrel-macos-arm64 1.4.0 23.00 OK
r-oldrel-macos-x86_64 1.4.0 24.00 OK
r-oldrel-windows-x86_64 1.4.0 4.00 54.00 58.00 OK

Check Details

Version: 1.4.0
Check: CRAN incoming feasibility
Result: NOTE Maintainer: ‘Jon Clayden <code@clayden.org>’ No Authors@R field in DESCRIPTION. Please add one, modifying Authors@R: person(given = "Jon", family = "Clayden", role = c("aut", "cre"), email = "code@clayden.org") as necessary. Flavors: r-devel-linux-x86_64-debian-clang, r-devel-linux-x86_64-debian-gcc

These binaries (installable software) and packages are in development.
They may not be fully stable and should be used with caution. We make no claims about them.