Last updated on 2025-05-01 12:49:41 CEST.
Flavor | Version | Tinstall | Tcheck | Ttotal | Status | Flags |
---|---|---|---|---|---|---|
r-devel-linux-x86_64-debian-clang | 1.4.6.1 | 2.80 | 37.84 | 40.64 | NOTE | |
r-devel-linux-x86_64-debian-gcc | 1.4.6.1 | 1.75 | 29.22 | 30.97 | NOTE | |
r-devel-linux-x86_64-fedora-clang | 1.4.6.1 | 65.73 | OK | |||
r-devel-linux-x86_64-fedora-gcc | 1.4.6.1 | 73.12 | OK | |||
r-devel-windows-x86_64 | 1.4.6.1 | 3.00 | 79.00 | 82.00 | OK | |
r-patched-linux-x86_64 | 1.4.6.1 | 3.04 | 36.23 | 39.27 | OK | |
r-release-linux-x86_64 | OK | |||||
r-release-macos-arm64 | 1.4.6.1 | 37.00 | OK | |||
r-release-macos-x86_64 | 1.4.6.1 | 60.00 | OK | |||
r-release-windows-x86_64 | 1.4.6.1 | 6.00 | 84.00 | 90.00 | OK | |
r-oldrel-macos-arm64 | 1.4.6.1 | 35.00 | OK | |||
r-oldrel-macos-x86_64 | 1.4.6.1 | 50.00 | OK | |||
r-oldrel-windows-x86_64 | 1.4.6.1 | 6.00 | 77.00 | 83.00 | OK |
Version: 1.4.6.1
Check: CRAN incoming feasibility
Result: NOTE
Maintainer: ‘Karline Soetaert <karline.soetaert@nioz.nl>’
No Authors@R field in DESCRIPTION.
Please add one, modifying
Authors@R: person(given = "Karline",
family = "Soetaert",
role = c("aut", "cre"),
email = "karline.soetaert@nioz.nl")
as necessary.
Flavors: r-devel-linux-x86_64-debian-clang, r-devel-linux-x86_64-debian-gcc
These binaries (installable software) and packages are in development.
They may not be fully stable and should be used with caution. We make no claims about them.