Last updated on 2025-05-01 15:49:44 CEST.
Flavor | Version | Tinstall | Tcheck | Ttotal | Status | Flags |
---|---|---|---|---|---|---|
r-devel-linux-x86_64-debian-clang | 0.7.2 | 2.36 | 20.56 | 22.92 | NOTE | |
r-devel-linux-x86_64-debian-gcc | 0.7.2 | 1.72 | 16.91 | 18.63 | NOTE | |
r-devel-linux-x86_64-fedora-clang | 0.7.2 | 38.28 | OK | |||
r-devel-linux-x86_64-fedora-gcc | 0.7.2 | 34.26 | OK | |||
r-devel-windows-x86_64 | 0.7.2 | 3.00 | 40.00 | 43.00 | OK | |
r-patched-linux-x86_64 | 0.7.2 | 2.14 | 19.75 | 21.89 | OK | |
r-release-linux-x86_64 | OK | |||||
r-release-macos-arm64 | 0.7.2 | 17.00 | OK | |||
r-release-macos-x86_64 | 0.7.2 | 34.00 | OK | |||
r-release-windows-x86_64 | 0.7.2 | 3.00 | 42.00 | 45.00 | OK | |
r-oldrel-macos-arm64 | 0.7.2 | 21.00 | OK | |||
r-oldrel-macos-x86_64 | 0.7.2 | 24.00 | OK | |||
r-oldrel-windows-x86_64 | 0.7.2 | 5.00 | 41.00 | 46.00 | OK |
Version: 0.7.2
Check: CRAN incoming feasibility
Result: NOTE
Maintainer: ‘Ben Stabler <benstabler@yahoo.com>’
No Authors@R field in DESCRIPTION.
Please add one, modifying
Authors@R: person(given = "Ben",
family = "Stabler",
role = c("aut", "cre"),
email = "benstabler@yahoo.com")
as necessary.
Flavors: r-devel-linux-x86_64-debian-clang, r-devel-linux-x86_64-debian-gcc
These binaries (installable software) and packages are in development.
They may not be fully stable and should be used with caution. We make no claims about them.