Last updated on 2025-05-02 13:50:58 CEST.
Flavor | Version | Tinstall | Tcheck | Ttotal | Status | Flags |
---|---|---|---|---|---|---|
r-devel-linux-x86_64-debian-clang | 0.1.3 | 9.14 | 90.22 | 99.36 | NOTE | |
r-devel-linux-x86_64-debian-gcc | 0.1.3 | 6.36 | 63.46 | 69.82 | NOTE | |
r-devel-linux-x86_64-fedora-clang | 0.1.3 | 155.93 | OK | |||
r-devel-linux-x86_64-fedora-gcc | 0.1.3 | 150.61 | OK | |||
r-devel-windows-x86_64 | 0.1.3 | 10.00 | 159.00 | 169.00 | OK | |
r-patched-linux-x86_64 | 0.1.3 | 8.60 | 81.23 | 89.83 | OK | |
r-release-linux-x86_64 | OK | |||||
r-release-macos-arm64 | 0.1.3 | 87.00 | OK | |||
r-release-macos-x86_64 | 0.1.3 | 101.00 | OK | |||
r-release-windows-x86_64 | 0.1.3 | 10.00 | 133.00 | 143.00 | OK | |
r-oldrel-macos-arm64 | 0.1.3 | 49.00 | NOTE | |||
r-oldrel-macos-x86_64 | 0.1.3 | 76.00 | NOTE | |||
r-oldrel-windows-x86_64 | 0.1.3 | 14.00 | 133.00 | 147.00 | NOTE |
Version: 0.1.3
Check: CRAN incoming feasibility
Result: NOTE
Maintainer: ‘Szymon Maksymiuk <sz.maksymiuk@gmail.com>’
The Description field contains
Lundberg, S., et al., (2016) <arXiv:1705.07874> The SHAP method is used
Please refer to arXiv e-prints via their arXiv DOI <doi:10.48550/arXiv.YYMM.NNNNN>.
Flavors: r-devel-linux-x86_64-debian-clang, r-devel-linux-x86_64-debian-gcc
Version: 0.1.3
Check: LazyData
Result: NOTE
'LazyData' is specified without a 'data' directory
Flavors: r-oldrel-macos-arm64, r-oldrel-macos-x86_64, r-oldrel-windows-x86_64
These binaries (installable software) and packages are in development.
They may not be fully stable and should be used with caution. We make no claims about them.