Last updated on 2025-07-02 01:51:51 CEST.
Flavor | Version | Tinstall | Tcheck | Ttotal | Status | Flags |
---|---|---|---|---|---|---|
r-devel-linux-x86_64-debian-clang | 1.0.4 | 84.68 | 338.68 | 423.36 | OK | |
r-devel-linux-x86_64-debian-gcc | 1.0.4 | 57.90 | 237.28 | 295.18 | OK | |
r-devel-linux-x86_64-fedora-clang | 1.0.4 | 851.00 | OK | |||
r-devel-linux-x86_64-fedora-gcc | 1.0.4 | 773.82 | OK | |||
r-devel-windows-x86_64 | 1.0.4 | 99.00 | 405.00 | 504.00 | OK | |
r-patched-linux-x86_64 | OK | |||||
r-release-linux-x86_64 | 1.0.4 | 82.88 | 318.98 | 401.86 | OK | |
r-release-macos-arm64 | 1.0.4 | 192.00 | OK | |||
r-release-macos-x86_64 | 1.0.4 | 446.00 | OK | |||
r-release-windows-x86_64 | 1.0.4 | 94.00 | 386.00 | 480.00 | OK | |
r-oldrel-macos-arm64 | 1.0.4 | 185.00 | NOTE | |||
r-oldrel-macos-x86_64 | 1.0.4 | 412.00 | NOTE | |||
r-oldrel-windows-x86_64 | 1.0.4 | 115.00 | 533.00 | 648.00 | NOTE |
Version: 1.0.4
Check: installed package size
Result: NOTE
installed size is 9.7Mb
sub-directories of 1Mb or more:
doc 4.4Mb
libs 4.1Mb
Flavors: r-oldrel-macos-arm64, r-oldrel-macos-x86_64, r-oldrel-windows-x86_64
These binaries (installable software) and packages are in development.
They may not be fully stable and should be used with caution. We make no claims about them.