Last updated on 2025-02-16 08:51:00 CET.
Flavor | Version | Tinstall | Tcheck | Ttotal | Status | Flags |
---|---|---|---|---|---|---|
r-devel-linux-x86_64-debian-clang | 1.4.6 | 9.80 | 120.95 | 130.75 | NOTE | |
r-devel-linux-x86_64-debian-gcc | 1.4.6 | 8.19 | 90.55 | 98.74 | NOTE | |
r-devel-linux-x86_64-fedora-clang | 1.4.6 | 211.89 | OK | |||
r-devel-linux-x86_64-fedora-gcc | 1.4.6 | 208.01 | OK | |||
r-devel-macos-arm64 | 1.4.6 | 72.00 | OK | |||
r-devel-macos-x86_64 | 1.4.6 | 134.00 | OK | |||
r-devel-windows-x86_64 | 1.4.6 | 17.00 | 170.00 | 187.00 | NOTE | |
r-patched-linux-x86_64 | 1.4.6 | 19.23 | 114.72 | 133.95 | NOTE | |
r-release-linux-x86_64 | 1.4.6 | 11.82 | 114.54 | 126.36 | NOTE | |
r-release-macos-arm64 | 1.4.6 | 68.00 | NOTE | |||
r-release-macos-x86_64 | 1.4.6 | 97.00 | NOTE | |||
r-release-windows-x86_64 | 1.4.6 | 16.00 | 174.00 | 190.00 | NOTE | |
r-oldrel-macos-arm64 | 1.4.6 | 73.00 | NOTE | |||
r-oldrel-macos-x86_64 | 1.4.6 | 176.00 | NOTE | |||
r-oldrel-windows-x86_64 | 1.4.6 | 18.00 | 198.00 | 216.00 | NOTE |
Version: 1.4.6
Check: Rd cross-references
Result: NOTE
Found the following Rd file(s) with Rd \link{} targets missing package
anchors:
ClusteringPerformance.Rd: SimulateClustering
GraphComparison.Rd: SimulateGraphical, SimulateRegression
SelectionPerformance.Rd: SimulateRegression, SimulateComponents,
SimulateGraphical, BlockStructure
SelectionPerformanceGraph.Rd: SimulateGraphical, SimulateRegression
plot.clustering.Rd: Heatmap
plot.roc_band.Rd: ROC
Please provide package anchors for all Rd \link{} targets not in the
package itself and the base packages.
Package unavailable to check Rd xrefs: ‘rCOSA’
Flavors: r-devel-linux-x86_64-debian-clang, r-devel-linux-x86_64-debian-gcc, r-devel-windows-x86_64
Version: 1.4.6
Check: package dependencies
Result: NOTE
Package suggested but not available for checking: ‘rCOSA’
Flavors: r-patched-linux-x86_64, r-release-linux-x86_64, r-release-macos-arm64, r-release-macos-x86_64, r-release-windows-x86_64, r-oldrel-macos-arm64, r-oldrel-macos-x86_64, r-oldrel-windows-x86_64
Version: 1.4.6
Check: Rd cross-references
Result: NOTE
Package unavailable to check Rd xrefs: ‘rCOSA’
Flavors: r-patched-linux-x86_64, r-release-linux-x86_64, r-release-macos-arm64, r-release-macos-x86_64, r-release-windows-x86_64, r-oldrel-macos-arm64, r-oldrel-macos-x86_64, r-oldrel-windows-x86_64
These binaries (installable software) and packages are in development.
They may not be fully stable and should be used with caution. We make no claims about them.