CRAN Package Check Results for Package sharpr2

Last updated on 2025-11-14 09:50:15 CET.

Flavor Version Tinstall Tcheck Ttotal Status Flags
r-devel-linux-x86_64-debian-clang 1.1.1.0 6.30 60.68 66.98 NOTE
r-devel-linux-x86_64-debian-gcc 1.1.1.0 5.43 46.14 51.57 NOTE
r-devel-linux-x86_64-fedora-clang 1.1.1.0 14.00 88.67 102.67 OK
r-devel-linux-x86_64-fedora-gcc 1.1.1.0 14.00 86.65 100.65 OK
r-devel-windows-x86_64 1.1.1.0 7.00 71.00 78.00 OK
r-patched-linux-x86_64 1.1.1.0 6.48 58.29 64.77 OK
r-release-linux-x86_64 1.1.1.0 6.45 58.92 65.37 OK
r-release-macos-arm64 1.1.1.0 3.00 30.00 33.00 OK
r-release-macos-x86_64 1.1.1.0 6.00 54.00 60.00 OK
r-release-windows-x86_64 1.1.1.0 7.00 71.00 78.00 OK
r-oldrel-macos-arm64 1.1.1.0 3.00 29.00 32.00 OK
r-oldrel-macos-x86_64 1.1.1.0 5.00 44.00 49.00 OK
r-oldrel-windows-x86_64 1.1.1.0 10.00 83.00 93.00 OK

Check Details

Version: 1.1.1.0
Check: CRAN incoming feasibility
Result: NOTE Maintainer: ‘Liang He <lianghe@mit.edu>’ No Authors@R field in DESCRIPTION. Please add one, modifying Authors@R: person(given = "Liang", family = "He", role = c("aut", "cre"), email = "lianghe@mit.edu") as necessary. Flavors: r-devel-linux-x86_64-debian-clang, r-devel-linux-x86_64-debian-gcc

These binaries (installable software) and packages are in development.
They may not be fully stable and should be used with caution. We make no claims about them.