Last updated on 2025-05-08 04:52:18 CEST.
Flavor | Version | Tinstall | Tcheck | Ttotal | Status | Flags |
---|---|---|---|---|---|---|
r-devel-linux-x86_64-debian-clang | 2.3.3 | 11.29 | 110.36 | 121.65 | OK | |
r-devel-linux-x86_64-debian-gcc | 2.3.3 | 7.48 | 72.60 | 80.08 | OK | |
r-devel-linux-x86_64-fedora-clang | 2.3.3 | 198.58 | OK | |||
r-devel-linux-x86_64-fedora-gcc | 2.3.3 | 191.24 | OK | |||
r-devel-windows-x86_64 | 2.3.3 | 13.00 | 121.00 | 134.00 | OK | |
r-patched-linux-x86_64 | 2.3.3 | 12.03 | 99.06 | 111.09 | OK | |
r-release-linux-x86_64 | 2.3.3 | 8.88 | 100.64 | 109.52 | OK | |
r-release-macos-arm64 | 2.3.3 | 56.00 | OK | |||
r-release-macos-x86_64 | 2.3.3 | 93.00 | OK | |||
r-release-windows-x86_64 | 2.3.3 | 15.00 | 122.00 | 137.00 | OK | |
r-oldrel-macos-arm64 | 2.3.3 | 58.00 | NOTE | |||
r-oldrel-macos-x86_64 | 2.3.3 | 106.00 | NOTE | |||
r-oldrel-windows-x86_64 | 2.3.3 | 18.00 | 152.00 | 170.00 | NOTE |
Version: 2.3.3
Check: package dependencies
Result: NOTE
Package suggested but not available for checking: ‘hydromad’
Flavors: r-oldrel-macos-arm64, r-oldrel-macos-x86_64, r-oldrel-windows-x86_64
These binaries (installable software) and packages are in development.
They may not be fully stable and should be used with caution. We make no claims about them.