CRAN Package Check Results for Package sharx

Last updated on 2025-05-23 11:56:07 CEST.

Flavor Version Tinstall Tcheck Ttotal Status Flags
r-devel-linux-x86_64-debian-clang 1.0-6 23.46 133.51 156.97 NOTE
r-devel-linux-x86_64-debian-gcc 1.0-6 20.00 96.12 116.12 NOTE
r-devel-linux-x86_64-fedora-clang 1.0-6 251.92 OK
r-devel-linux-x86_64-fedora-gcc 1.0-6 257.35 OK
r-devel-windows-x86_64 1.0-6 19.00 170.00 189.00 OK
r-patched-linux-x86_64 1.0-6 26.09 130.25 156.34 OK
r-release-linux-x86_64 1.0-6 23.71 128.38 152.09 OK
r-release-macos-arm64 1.0-6 61.00 OK
r-release-macos-x86_64 1.0-6 114.00 OK
r-release-windows-x86_64 1.0-6 20.00 163.00 183.00 OK
r-oldrel-macos-arm64 1.0-6 59.00 OK
r-oldrel-macos-x86_64 1.0-6 86.00 OK
r-oldrel-windows-x86_64 1.0-6 26.00 149.00 175.00 OK

Check Details

Version: 1.0-6
Check: CRAN incoming feasibility
Result: NOTE Maintainer: ‘Peter Solymos <psolymos@gmail.com>’ No Authors@R field in DESCRIPTION. Please add one, modifying Authors@R: person(given = "Peter", family = "Solymos", role = c("aut", "cre"), email = "psolymos@gmail.com") as necessary. Flavors: r-devel-linux-x86_64-debian-clang, r-devel-linux-x86_64-debian-gcc

These binaries (installable software) and packages are in development.
They may not be fully stable and should be used with caution. We make no claims about them.