Last updated on 2025-10-23 17:51:02 CEST.
Flavor | Version | Tinstall | Tcheck | Ttotal | Status | Flags |
---|---|---|---|---|---|---|
r-devel-linux-x86_64-debian-clang | 0.1.0 | 4.30 | 34.03 | 38.33 | NOTE | |
r-devel-linux-x86_64-debian-gcc | 0.1.0 | 2.89 | 26.56 | 29.45 | OK | |
r-devel-linux-x86_64-fedora-clang | 0.1.0 | 35.00 | 27.60 | 62.60 | OK | |
r-devel-linux-x86_64-fedora-gcc | 0.1.0 | 38.00 | 21.56 | 59.56 | OK | |
r-devel-windows-x86_64 | 0.1.0 | 6.00 | 52.00 | 58.00 | OK | |
r-patched-linux-x86_64 | 0.1.0 | 3.94 | 31.57 | 35.51 | OK | |
r-release-linux-x86_64 | 0.1.0 | 3.91 | 31.56 | 35.47 | OK | |
r-release-macos-arm64 | 0.1.0 | 2.00 | 28.00 | 30.00 | OK | |
r-release-macos-x86_64 | 0.1.0 | 4.00 | 47.00 | 51.00 | OK | |
r-release-windows-x86_64 | 0.1.0 | 6.00 | 53.00 | 59.00 | OK | |
r-oldrel-macos-arm64 | 0.1.0 | 2.00 | 22.00 | 24.00 | OK | |
r-oldrel-macos-x86_64 | 0.1.0 | 3.00 | 28.00 | 31.00 | OK | |
r-oldrel-windows-x86_64 | 0.1.0 | 7.00 | 60.00 | 67.00 | OK |
Version: 0.1.0
Check: HTML version of manual
Result: NOTE
Found the following HTML validation problems:
EmptyStateManager.html:123:1 (EmptyStateManager.Rd:106): Warning: <h5> anchor "Usage" already defined
EmptyStateManager.html:129:1 (EmptyStateManager.Rd:110): Warning: <h5> anchor "Returns" already defined
EmptyStateManager.html:146:1 (EmptyStateManager.Rd:119): Warning: <h5> anchor "Usage" already defined
EmptyStateManager.html:152:1 (EmptyStateManager.Rd:123): Warning: <h5> anchor "Returns" already defined
EmptyStateManager.html:169:1 (EmptyStateManager.Rd:132): Warning: <h5> anchor "Usage" already defined
EmptyStateManager.html:175:1 (EmptyStateManager.Rd:136): Warning: <h5> anchor "Returns" already defined
EmptyStateManager.html:192:1 (EmptyStateManager.Rd:145): Warning: <h5> anchor "Usage" already defined
EmptyStateManager.html:198:1 (EmptyStateManager.Rd:149): Warning: <h5> anchor "Arguments" already defined
Flavor: r-devel-linux-x86_64-debian-clang
These binaries (installable software) and packages are in development.
They may not be fully stable and should be used with caution. We make no claims about them.