Last updated on 2025-02-19 17:51:04 CET.
Flavor | Version | Tinstall | Tcheck | Ttotal | Status | Flags |
---|---|---|---|---|---|---|
r-devel-linux-x86_64-debian-clang | 1.10.0 | 38.07 | 149.71 | 187.78 | OK | |
r-devel-linux-x86_64-debian-gcc | 1.10.0 | 24.69 | 101.17 | 125.86 | OK | |
r-devel-linux-x86_64-fedora-clang | 1.10.0 | 323.82 | OK | |||
r-devel-linux-x86_64-fedora-gcc | 1.10.0 | 274.79 | OK | |||
r-devel-macos-arm64 | 1.10.0 | 84.00 | OK | |||
r-devel-macos-x86_64 | 1.10.0 | 90.00 | OK | |||
r-devel-windows-x86_64 | 1.10.0 | 37.00 | 188.00 | 225.00 | OK | |
r-patched-linux-x86_64 | 1.10.0 | 38.15 | 142.21 | 180.36 | OK | |
r-release-linux-x86_64 | 1.10.0 | 33.53 | 142.02 | 175.55 | OK | |
r-release-macos-arm64 | 1.10.0 | 79.00 | NOTE | |||
r-release-macos-x86_64 | 1.10.0 | 163.00 | NOTE | |||
r-release-windows-x86_64 | 1.10.0 | 39.00 | 191.00 | 230.00 | NOTE | |
r-oldrel-macos-arm64 | 1.10.0 | 86.00 | NOTE | |||
r-oldrel-macos-x86_64 | 1.10.0 | 150.00 | NOTE | |||
r-oldrel-windows-x86_64 | 1.10.0 | 51.00 | 227.00 | 278.00 | NOTE |
Version: 1.10.0
Check: installed package size
Result: NOTE
installed size is 14.2Mb
sub-directories of 1Mb or more:
R 2.1Mb
www 10.3Mb
Flavors: r-release-macos-arm64, r-release-macos-x86_64, r-release-windows-x86_64, r-oldrel-macos-arm64, r-oldrel-macos-x86_64, r-oldrel-windows-x86_64
These binaries (installable software) and packages are in development.
They may not be fully stable and should be used with caution. We make no claims about them.