CRAN Package Check Results for Package shiny.pwa

Last updated on 2025-05-08 04:52:18 CEST.

Flavor Version Tinstall Tcheck Ttotal Status Flags
r-devel-linux-x86_64-debian-clang 0.2.1 4.85 37.21 42.06 NOTE
r-devel-linux-x86_64-debian-gcc 0.2.1 2.97 28.00 30.97 NOTE
r-devel-linux-x86_64-fedora-clang 0.2.1 69.88 NOTE
r-devel-linux-x86_64-fedora-gcc 0.2.1 61.00 NOTE
r-devel-windows-x86_64 0.2.1 5.00 55.00 60.00 NOTE
r-patched-linux-x86_64 0.2.1 4.94 34.47 39.41 NOTE
r-release-linux-x86_64 0.2.1 4.74 35.01 39.75 NOTE
r-release-macos-arm64 0.2.1 26.00 NOTE
r-release-macos-x86_64 0.2.1 35.00 NOTE
r-release-windows-x86_64 0.2.1 8.00 56.00 64.00 NOTE
r-oldrel-macos-arm64 0.2.1 23.00 NOTE
r-oldrel-macos-x86_64 0.2.1 32.00 NOTE
r-oldrel-windows-x86_64 0.2.1 8.00 66.00 74.00 NOTE

Check Details

Version: 0.2.1
Check: package subdirectories
Result: NOTE Problems with news in ‘NEWS.md’: No news entries found. Flavors: r-devel-linux-x86_64-debian-clang, r-devel-linux-x86_64-debian-gcc, r-devel-linux-x86_64-fedora-clang, r-devel-linux-x86_64-fedora-gcc, r-devel-windows-x86_64, r-patched-linux-x86_64, r-release-linux-x86_64, r-release-macos-arm64, r-release-macos-x86_64, r-release-windows-x86_64, r-oldrel-macos-arm64, r-oldrel-macos-x86_64, r-oldrel-windows-x86_64

These binaries (installable software) and packages are in development.
They may not be fully stable and should be used with caution. We make no claims about them.