CRAN Package Check Results for Package shiny.pwa

Last updated on 2025-10-23 21:51:41 CEST.

Flavor Version Tinstall Tcheck Ttotal Status Flags
r-devel-linux-x86_64-debian-clang 0.2.1 4.49 38.24 42.73 NOTE
r-devel-linux-x86_64-debian-gcc 0.2.1 2.99 29.07 32.06 NOTE
r-devel-linux-x86_64-fedora-clang 0.2.1 49.00 23.01 72.01 NOTE
r-devel-linux-x86_64-fedora-gcc 0.2.1 33.00 35.67 68.67 NOTE
r-devel-windows-x86_64 0.2.1 6.00 54.00 60.00 NOTE
r-patched-linux-x86_64 0.2.1 5.13 36.32 41.45 NOTE
r-release-linux-x86_64 0.2.1 4.57 36.33 40.90 NOTE
r-release-macos-arm64 0.2.1 3.00 23.00 26.00 NOTE
r-release-macos-x86_64 0.2.1 3.00 32.00 35.00 NOTE
r-release-windows-x86_64 0.2.1 8.00 56.00 64.00 NOTE
r-oldrel-macos-arm64 0.2.1 2.00 21.00 23.00 NOTE
r-oldrel-macos-x86_64 0.2.1 3.00 29.00 32.00 NOTE
r-oldrel-windows-x86_64 0.2.1 8.00 66.00 74.00 NOTE

Check Details

Version: 0.2.1
Check: package subdirectories
Result: NOTE Problems with news in ‘NEWS.md’: No news entries found. Flavors: r-devel-linux-x86_64-debian-clang, r-devel-linux-x86_64-debian-gcc, r-devel-linux-x86_64-fedora-clang, r-devel-linux-x86_64-fedora-gcc, r-devel-windows-x86_64, r-patched-linux-x86_64, r-release-linux-x86_64, r-release-macos-arm64, r-release-macos-x86_64, r-release-windows-x86_64, r-oldrel-macos-arm64, r-oldrel-macos-x86_64, r-oldrel-windows-x86_64

Version: 0.2.1
Check: HTML version of manual
Result: NOTE Found the following HTML validation problems: getTemplate.html:46:1 (getTemplate.Rd:10): Warning: missing </ul> before </div> Flavor: r-devel-linux-x86_64-debian-clang

These binaries (installable software) and packages are in development.
They may not be fully stable and should be used with caution. We make no claims about them.