CRAN Package Check Results for Package shiny.pwa

Last updated on 2025-07-01 15:50:01 CEST.

Flavor Version Tinstall Tcheck Ttotal Status Flags
r-devel-linux-x86_64-debian-clang 0.2.1 4.51 37.49 42.00 NOTE
r-devel-linux-x86_64-debian-gcc 0.2.1 3.69 28.77 32.46 NOTE
r-devel-linux-x86_64-fedora-clang 0.2.1 72.42 NOTE
r-devel-linux-x86_64-fedora-gcc 0.2.1 64.83 NOTE
r-devel-windows-x86_64 0.2.1 6.00 55.00 61.00 NOTE
r-patched-linux-x86_64 NOTE
r-release-linux-x86_64 0.2.1 4.86 34.82 39.68 NOTE
r-release-macos-arm64 0.2.1 26.00 NOTE
r-release-macos-x86_64 0.2.1 35.00 NOTE
r-release-windows-x86_64 0.2.1 7.00 54.00 61.00 NOTE
r-oldrel-macos-arm64 0.2.1 23.00 NOTE
r-oldrel-macos-x86_64 0.2.1 32.00 NOTE
r-oldrel-windows-x86_64 0.2.1 8.00 67.00 75.00 NOTE

Check Details

Version: 0.2.1
Check: package subdirectories
Result: NOTE Problems with news in ‘NEWS.md’: No news entries found. Flavors: r-devel-linux-x86_64-debian-clang, r-devel-linux-x86_64-debian-gcc, r-devel-linux-x86_64-fedora-clang, r-devel-linux-x86_64-fedora-gcc, r-devel-windows-x86_64, r-patched-linux-x86_64, r-release-linux-x86_64, r-release-macos-arm64, r-release-macos-x86_64, r-release-windows-x86_64, r-oldrel-macos-arm64, r-oldrel-macos-x86_64, r-oldrel-windows-x86_64

These binaries (installable software) and packages are in development.
They may not be fully stable and should be used with caution. We make no claims about them.