CRAN Package Check Results for Package shinyAce

Last updated on 2025-05-23 01:51:11 CEST.

Flavor Version Tinstall Tcheck Ttotal Status Flags
r-devel-linux-x86_64-debian-clang 0.4.4 5.39 36.77 42.16 OK
r-devel-linux-x86_64-debian-gcc 0.4.4 3.16 28.22 31.38 OK
r-devel-linux-x86_64-fedora-clang 0.4.4 64.62 OK
r-devel-linux-x86_64-fedora-gcc 0.4.4 77.97 OK
r-devel-windows-x86_64 0.4.4 11.00 61.00 72.00 OK
r-patched-linux-x86_64 0.4.4 4.96 35.34 40.30 OK
r-release-linux-x86_64 0.4.4 4.93 35.49 40.42 OK
r-release-macos-arm64 0.4.4 62.00 OK
r-release-macos-x86_64 0.4.4 67.00 OK
r-release-windows-x86_64 0.4.4 10.00 114.00 124.00 OK
r-oldrel-macos-arm64 0.4.4 36.00 NOTE
r-oldrel-macos-x86_64 0.4.4 84.00 NOTE
r-oldrel-windows-x86_64 0.4.4 9.00 68.00 77.00 NOTE

Check Details

Version: 0.4.4
Check: installed package size
Result: NOTE installed size is 8.0Mb sub-directories of 1Mb or more: www 7.7Mb Flavors: r-oldrel-macos-arm64, r-oldrel-macos-x86_64, r-oldrel-windows-x86_64

These binaries (installable software) and packages are in development.
They may not be fully stable and should be used with caution. We make no claims about them.