Last updated on 2025-07-02 01:51:51 CEST.
Flavor | Version | Tinstall | Tcheck | Ttotal | Status | Flags |
---|---|---|---|---|---|---|
r-devel-linux-x86_64-debian-clang | 1.1.1 | 6.12 | 45.49 | 51.61 | OK | |
r-devel-linux-x86_64-debian-gcc | 1.1.1 | 4.20 | 35.20 | 39.40 | OK | |
r-devel-linux-x86_64-fedora-clang | 1.1.1 | 77.13 | OK | |||
r-devel-linux-x86_64-fedora-gcc | 1.1.1 | 73.45 | OK | |||
r-devel-windows-x86_64 | 1.1.1 | 13.00 | 68.00 | 81.00 | OK | |
r-patched-linux-x86_64 | OK | |||||
r-release-linux-x86_64 | 1.1.1 | 4.78 | 41.77 | 46.55 | OK | |
r-release-macos-arm64 | 1.1.1 | 34.00 | OK | |||
r-release-macos-x86_64 | 1.1.1 | 46.00 | OK | |||
r-release-windows-x86_64 | 1.1.1 | 13.00 | 68.00 | 81.00 | OK | |
r-oldrel-macos-arm64 | 1.1.1 | 26.00 | NOTE | |||
r-oldrel-macos-x86_64 | 1.1.1 | 38.00 | NOTE | |||
r-oldrel-windows-x86_64 | 1.1.1 | 15.00 | 79.00 | 94.00 | NOTE |
Version: 1.1.1
Check: installed package size
Result: NOTE
installed size is 20.5Mb
sub-directories of 1Mb or more:
www 19.7Mb
Flavors: r-oldrel-macos-arm64, r-oldrel-macos-x86_64, r-oldrel-windows-x86_64
These binaries (installable software) and packages are in development.
They may not be fully stable and should be used with caution. We make no claims about them.