Last updated on 2025-10-23 23:49:44 CEST.
| Flavor | Version | Tinstall | Tcheck | Ttotal | Status | Flags |
|---|---|---|---|---|---|---|
| r-devel-linux-x86_64-debian-clang | 1.1.1 | 5.99 | 47.85 | 53.84 | OK | |
| r-devel-linux-x86_64-debian-gcc | 1.1.1 | 4.79 | 36.73 | 41.52 | OK | |
| r-devel-linux-x86_64-fedora-clang | 1.1.1 | 28.00 | 55.39 | 83.39 | OK | |
| r-devel-linux-x86_64-fedora-gcc | 1.1.1 | 11.00 | 62.73 | 73.73 | OK | |
| r-devel-windows-x86_64 | 1.1.1 | 12.00 | 68.00 | 80.00 | OK | |
| r-patched-linux-x86_64 | 1.1.1 | 6.08 | 43.64 | 49.72 | OK | |
| r-release-linux-x86_64 | 1.1.1 | 4.85 | 43.30 | 48.15 | OK | |
| r-release-macos-arm64 | 1.1.1 | 3.00 | 31.00 | 34.00 | OK | |
| r-release-macos-x86_64 | 1.1.1 | 5.00 | 41.00 | 46.00 | OK | |
| r-release-windows-x86_64 | 1.1.1 | 13.00 | 69.00 | 82.00 | OK | |
| r-oldrel-macos-arm64 | 1.1.1 | 2.00 | 24.00 | 26.00 | NOTE | |
| r-oldrel-macos-x86_64 | 1.1.1 | 4.00 | 34.00 | 38.00 | NOTE | |
| r-oldrel-windows-x86_64 | 1.1.1 | 14.00 | 79.00 | 93.00 | NOTE |
Version: 1.1.1
Check: installed package size
Result: NOTE
installed size is 20.5Mb
sub-directories of 1Mb or more:
www 19.7Mb
Flavors: r-oldrel-macos-arm64, r-oldrel-macos-x86_64, r-oldrel-windows-x86_64
These binaries (installable software) and packages are in development.
They may not be fully stable and should be used with caution. We make no claims about them.