CRAN Package Check Results for Package shinyCohortBuilder

Last updated on 2025-07-02 01:51:51 CEST.

Flavor Version Tinstall Tcheck Ttotal Status Flags
r-devel-linux-x86_64-debian-clang 0.3.1 7.59 64.65 72.24 NOTE
r-devel-linux-x86_64-debian-gcc 0.3.1 4.13 47.33 51.46 NOTE
r-devel-linux-x86_64-fedora-clang 0.3.1 109.78 NOTE
r-devel-linux-x86_64-fedora-gcc 0.3.1 117.15 NOTE
r-devel-windows-x86_64 0.3.1 9.00 82.00 91.00 NOTE
r-patched-linux-x86_64 NOTE
r-release-linux-x86_64 0.3.1 7.09 58.53 65.62 NOTE
r-release-macos-arm64 0.3.1 48.00 NOTE
r-release-macos-x86_64 0.3.1 73.00 NOTE
r-release-windows-x86_64 0.3.1 11.00 82.00 93.00 NOTE
r-oldrel-macos-arm64 0.3.1 47.00 OK
r-oldrel-macos-x86_64 0.3.1 74.00 OK
r-oldrel-windows-x86_64 0.3.1 13.00 100.00 113.00 OK

Check Details

Version: 0.3.1
Check: DESCRIPTION meta-information
Result: NOTE Missing dependency on R >= 4.1.0 because package code uses the pipe |> or function shorthand \(...) syntax added in R 4.1.0. File(s) using such syntax: ‘filter_discrete.R’ ‘filter_query.R’ ‘renders.R’ Flavors: r-devel-linux-x86_64-debian-clang, r-devel-linux-x86_64-debian-gcc, r-devel-linux-x86_64-fedora-clang, r-devel-linux-x86_64-fedora-gcc, r-devel-windows-x86_64, r-patched-linux-x86_64, r-release-linux-x86_64, r-release-macos-arm64, r-release-macos-x86_64, r-release-windows-x86_64

These binaries (installable software) and packages are in development.
They may not be fully stable and should be used with caution. We make no claims about them.