Last updated on 2025-11-13 01:50:34 CET.
| Flavor | Version | Tinstall | Tcheck | Ttotal | Status | Flags |
|---|---|---|---|---|---|---|
| r-devel-linux-x86_64-debian-clang | 0.2.0 | 8.97 | 72.82 | 81.79 | OK | |
| r-devel-linux-x86_64-debian-gcc | 0.2.0 | 5.09 | 50.19 | 55.28 | OK | |
| r-devel-linux-x86_64-fedora-clang | 0.2.0 | 20.00 | 99.92 | 119.92 | OK | |
| r-devel-linux-x86_64-fedora-gcc | 0.2.0 | 17.00 | 95.02 | 112.02 | OK | |
| r-devel-windows-x86_64 | 0.2.0 | 11.00 | 78.00 | 89.00 | OK | |
| r-patched-linux-x86_64 | 0.2.0 | 8.33 | 64.06 | 72.39 | OK | |
| r-release-linux-x86_64 | 0.2.0 | 8.34 | 64.94 | 73.28 | OK | |
| r-release-macos-arm64 | 0.2.0 | 4.00 | 30.00 | 34.00 | OK | |
| r-release-macos-x86_64 | 0.2.0 | 7.00 | 45.00 | 52.00 | OK | |
| r-release-windows-x86_64 | 0.2.0 | 10.00 | 76.00 | 86.00 | OK | |
| r-oldrel-macos-arm64 | 0.2.0 | 4.00 | 26.00 | 30.00 | NOTE | |
| r-oldrel-macos-x86_64 | 0.2.0 | 5.00 | 40.00 | 45.00 | NOTE | |
| r-oldrel-windows-x86_64 | 0.2.0 | 15.00 | 97.00 | 112.00 | NOTE |
Version: 0.2.0
Check: LazyData
Result: NOTE
'LazyData' is specified without a 'data' directory
Flavors: r-oldrel-macos-arm64, r-oldrel-macos-x86_64, r-oldrel-windows-x86_64
These binaries (installable software) and packages are in development.
They may not be fully stable and should be used with caution. We make no claims about them.