CRAN Package Check Results for Package shinyInvoice

Last updated on 2025-05-01 12:49:41 CEST.

Flavor Version Tinstall Tcheck Ttotal Status Flags
r-devel-linux-x86_64-debian-clang 0.0.5 7.33 53.31 60.64 NOTE
r-devel-linux-x86_64-debian-gcc 0.0.5 5.42 38.82 44.24 NOTE
r-devel-linux-x86_64-fedora-clang 0.0.5 97.82 NOTE
r-devel-linux-x86_64-fedora-gcc 0.0.5 84.81 NOTE
r-devel-windows-x86_64 0.0.5 8.00 67.00 75.00 NOTE
r-patched-linux-x86_64 0.0.5 6.87 48.67 55.54 NOTE
r-release-linux-x86_64 NOTE
r-release-macos-arm64 0.0.5 25.00 NOTE
r-release-macos-x86_64 0.0.5 48.00 NOTE
r-release-windows-x86_64 0.0.5 10.00 70.00 80.00 NOTE
r-oldrel-macos-arm64 0.0.5 26.00 OK
r-oldrel-macos-x86_64 0.0.5 46.00 OK
r-oldrel-windows-x86_64 0.0.5 12.00 77.00 89.00 OK

Check Details

Version: 0.0.5
Check: DESCRIPTION meta-information
Result: NOTE Missing dependency on R >= 4.1.0 because package code uses the pipe |> or function shorthand \(...) syntax added in R 4.1.0. File(s) using such syntax: ‘continue_sequence.R’ ‘get_exchange_rates.R’ Flavors: r-devel-linux-x86_64-debian-clang, r-devel-linux-x86_64-debian-gcc, r-devel-linux-x86_64-fedora-clang, r-devel-linux-x86_64-fedora-gcc, r-devel-windows-x86_64, r-patched-linux-x86_64, r-release-linux-x86_64, r-release-macos-arm64, r-release-macos-x86_64, r-release-windows-x86_64

These binaries (installable software) and packages are in development.
They may not be fully stable and should be used with caution. We make no claims about them.