Last updated on 2025-02-16 08:51:00 CET.
Flavor | Version | Tinstall | Tcheck | Ttotal | Status | Flags |
---|---|---|---|---|---|---|
r-devel-linux-x86_64-debian-clang | 0.0.5 | 6.83 | 51.77 | 58.60 | NOTE | |
r-devel-linux-x86_64-debian-gcc | 0.0.5 | 4.89 | 36.87 | 41.76 | NOTE | |
r-devel-linux-x86_64-fedora-clang | 0.0.5 | 94.38 | NOTE | |||
r-devel-linux-x86_64-fedora-gcc | 0.0.5 | 93.87 | NOTE | |||
r-devel-macos-arm64 | 0.0.5 | 29.00 | OK | |||
r-devel-macos-x86_64 | 0.0.5 | 51.00 | NOTE | |||
r-devel-windows-x86_64 | 0.0.5 | 9.00 | 65.00 | 74.00 | NOTE | |
r-patched-linux-x86_64 | 0.0.5 | 5.95 | 47.32 | 53.27 | OK | |
r-release-linux-x86_64 | 0.0.5 | 6.50 | 46.94 | 53.44 | OK | |
r-release-macos-arm64 | 0.0.5 | 26.00 | OK | |||
r-release-macos-x86_64 | 0.0.5 | 46.00 | OK | |||
r-release-windows-x86_64 | 0.0.5 | 9.00 | 64.00 | 73.00 | OK | |
r-oldrel-macos-arm64 | 0.0.5 | 38.00 | OK | |||
r-oldrel-macos-x86_64 | 0.0.5 | 72.00 | OK | |||
r-oldrel-windows-x86_64 | 0.0.5 | 10.00 | 85.00 | 95.00 | OK |
Version: 0.0.5
Check: DESCRIPTION meta-information
Result: NOTE
Missing dependency on R >= 4.1.0 because package code uses the pipe
|> or function shorthand \(...) syntax added in R 4.1.0.
File(s) using such syntax:
‘continue_sequence.R’ ‘get_exchange_rates.R’
Flavors: r-devel-linux-x86_64-debian-clang, r-devel-linux-x86_64-debian-gcc, r-devel-linux-x86_64-fedora-clang, r-devel-linux-x86_64-fedora-gcc, r-devel-macos-x86_64, r-devel-windows-x86_64
These binaries (installable software) and packages are in development.
They may not be fully stable and should be used with caution. We make no claims about them.