CRAN Package Check Results for Package shinyKnobs

Last updated on 2025-05-08 04:52:19 CEST.

Flavor Version Tinstall Tcheck Ttotal Status Flags
r-devel-linux-x86_64-debian-clang 0.1.3 3.33 29.52 32.85 OK
r-devel-linux-x86_64-debian-gcc 0.1.3 2.48 23.27 25.75 OK
r-devel-linux-x86_64-fedora-clang 0.1.3 53.81 OK
r-devel-linux-x86_64-fedora-gcc 0.1.3 48.72 OK
r-devel-windows-x86_64 0.1.3 6.00 54.00 60.00 OK
r-patched-linux-x86_64 0.1.3 2.72 28.56 31.28 OK
r-release-linux-x86_64 0.1.3 2.62 28.68 31.30 OK
r-release-macos-arm64 0.1.3 23.00 OK
r-release-macos-x86_64 0.1.3 39.00 OK
r-release-windows-x86_64 0.1.3 5.00 55.00 60.00 OK
r-oldrel-macos-arm64 0.1.3 19.00 NOTE
r-oldrel-macos-x86_64 0.1.3 29.00 NOTE
r-oldrel-windows-x86_64 0.1.3 7.00 59.00 66.00 NOTE

Check Details

Version: 0.1.3
Check: LazyData
Result: NOTE 'LazyData' is specified without a 'data' directory Flavors: r-oldrel-macos-arm64, r-oldrel-macos-x86_64, r-oldrel-windows-x86_64

These binaries (installable software) and packages are in development.
They may not be fully stable and should be used with caution. We make no claims about them.