CRAN Package Check Results for Package shinyLottie

Last updated on 2025-05-02 13:50:58 CEST.

Flavor Version Tinstall Tcheck Ttotal Status Flags
r-devel-linux-x86_64-debian-clang 1.0.0 1.95 28.04 29.99 NOTE
r-devel-linux-x86_64-debian-gcc 1.0.0 1.36 22.77 24.13 NOTE
r-devel-linux-x86_64-fedora-clang 1.0.0 48.26 NOTE
r-devel-linux-x86_64-fedora-gcc 1.0.0 58.57 NOTE
r-devel-windows-x86_64 1.0.0 4.00 53.00 57.00 NOTE
r-patched-linux-x86_64 1.0.0 2.36 26.21 28.57 NOTE
r-release-linux-x86_64 NOTE
r-release-macos-arm64 1.0.0 36.00 NOTE
r-release-macos-x86_64 1.0.0 64.00 NOTE
r-release-windows-x86_64 1.0.0 4.00 57.00 61.00 NOTE
r-oldrel-macos-arm64 1.0.0 27.00 OK
r-oldrel-macos-x86_64 1.0.0 59.00 OK
r-oldrel-windows-x86_64 1.0.0 5.00 57.00 62.00 OK

Check Details

Version: 1.0.0
Check: DESCRIPTION meta-information
Result: NOTE Missing dependency on R >= 4.1.0 because package code uses the pipe |> or function shorthand \(...) syntax added in R 4.1.0. File(s) using such syntax: ‘lottie_addEventListener.Rd’ ‘lottie_button.Rd’ ‘lottie_removeEventListener.Rd’ Flavors: r-devel-linux-x86_64-debian-clang, r-devel-linux-x86_64-debian-gcc, r-devel-linux-x86_64-fedora-clang, r-devel-linux-x86_64-fedora-gcc, r-devel-windows-x86_64, r-patched-linux-x86_64, r-release-linux-x86_64, r-release-macos-arm64, r-release-macos-x86_64, r-release-windows-x86_64

These binaries (installable software) and packages are in development.
They may not be fully stable and should be used with caution. We make no claims about them.