CRAN Package Check Results for Package shinyML

Last updated on 2025-07-26 00:49:17 CEST.

Flavor Version Tinstall Tcheck Ttotal Status Flags
r-devel-linux-x86_64-debian-clang 1.0.1 13.08 96.87 109.95 NOTE
r-devel-linux-x86_64-debian-gcc 1.0.1 10.59 68.12 78.71 NOTE
r-devel-linux-x86_64-fedora-clang 1.0.1 175.78 OK
r-devel-linux-x86_64-fedora-gcc 1.0.1 161.88 OK
r-devel-windows-x86_64 1.0.1 14.00 105.00 119.00 OK
r-patched-linux-x86_64 1.0.1 14.14 90.60 104.74 OK
r-release-linux-x86_64 1.0.1 12.92 89.84 102.76 OK
r-release-macos-arm64 1.0.1 52.00 OK
r-release-macos-x86_64 1.0.1 81.00 OK
r-release-windows-x86_64 1.0.1 17.00 95.00 112.00 OK
r-oldrel-macos-arm64 1.0.1 43.00 NOTE
r-oldrel-macos-x86_64 1.0.1 68.00 NOTE
r-oldrel-windows-x86_64 1.0.1 21.00 120.00 141.00 NOTE

Check Details

Version: 1.0.1
Check: CRAN incoming feasibility
Result: NOTE Maintainer: ‘Jean Bertin <jean.bertin@mines-paris.org>’ No Authors@R field in DESCRIPTION. Please add one, modifying Authors@R: person(given = "Jean", family = "Bertin", role = c("aut", "cre"), email = "jean.bertin@mines-paris.org") as necessary. Flavors: r-devel-linux-x86_64-debian-clang, r-devel-linux-x86_64-debian-gcc

Version: 1.0.1
Check: LazyData
Result: NOTE 'LazyData' is specified without a 'data' directory Flavors: r-oldrel-macos-arm64, r-oldrel-macos-x86_64, r-oldrel-windows-x86_64

These binaries (installable software) and packages are in development.
They may not be fully stable and should be used with caution. We make no claims about them.