CRAN Package Check Results for Package shinyMergely

Last updated on 2025-10-23 21:51:41 CEST.

Flavor Version Tinstall Tcheck Ttotal Status Flags
r-devel-linux-x86_64-debian-clang 0.2.0 3.15 30.20 33.35 OK
r-devel-linux-x86_64-debian-gcc 0.2.0 2.48 23.61 26.09 OK
r-devel-linux-x86_64-fedora-clang 0.2.0 51.99 OK
r-devel-linux-x86_64-fedora-gcc 0.2.0 12.00 39.76 51.76 OK
r-devel-windows-x86_64 0.2.0 12.00 47.00 59.00 OK
r-patched-linux-x86_64 0.2.0 2.88 28.69 31.57 OK
r-release-linux-x86_64 0.2.0 2.67 28.56 31.23 OK
r-release-macos-arm64 0.2.0 2.00 22.00 24.00 OK
r-release-macos-x86_64 0.2.0 4.00 47.00 51.00 OK
r-release-windows-x86_64 0.2.0 12.00 48.00 60.00 OK
r-oldrel-macos-arm64 0.2.0 2.00 19.00 21.00 NOTE
r-oldrel-macos-x86_64 0.2.0 3.00 29.00 32.00 NOTE
r-oldrel-windows-x86_64 0.2.0 12.00 55.00 67.00 OK

Check Details

Version: 0.2.0
Check: package dependencies
Result: NOTE Package suggested but not available for checking: ‘uchardet’ Flavors: r-oldrel-macos-arm64, r-oldrel-macos-x86_64

These binaries (installable software) and packages are in development.
They may not be fully stable and should be used with caution. We make no claims about them.