Last updated on 2025-02-16 08:51:00 CET.
Flavor | Version | Tinstall | Tcheck | Ttotal | Status | Flags |
---|---|---|---|---|---|---|
r-devel-linux-x86_64-debian-clang | 0.2 | 8.16 | 61.53 | 69.69 | OK | |
r-devel-linux-x86_64-debian-gcc | 0.2 | 5.44 | 42.96 | 48.40 | OK | |
r-devel-linux-x86_64-fedora-clang | 0.2 | 109.65 | OK | |||
r-devel-linux-x86_64-fedora-gcc | 0.2 | 99.02 | OK | |||
r-devel-macos-arm64 | 0.2 | 34.00 | OK | |||
r-devel-macos-x86_64 | 0.2 | 57.00 | OK | |||
r-devel-windows-x86_64 | 0.2 | 9.00 | 83.00 | 92.00 | OK | |
r-patched-linux-x86_64 | 0.2 | 7.19 | 55.99 | 63.18 | NOTE | |
r-release-linux-x86_64 | 0.2 | 7.49 | 55.51 | 63.00 | NOTE | |
r-release-macos-arm64 | 0.2 | 32.00 | NOTE | |||
r-release-macos-x86_64 | 0.2 | 47.00 | NOTE | |||
r-release-windows-x86_64 | 0.2 | 9.00 | 74.00 | 83.00 | NOTE | |
r-oldrel-macos-arm64 | 0.2 | 35.00 | NOTE | |||
r-oldrel-macos-x86_64 | 0.2 | 54.00 | NOTE | |||
r-oldrel-windows-x86_64 | 0.2 | 12.00 | 109.00 | 121.00 | NOTE |
Version: 0.2
Check: LazyData
Result: NOTE
'LazyData' is specified without a 'data' directory
Flavors: r-patched-linux-x86_64, r-release-linux-x86_64, r-release-macos-arm64, r-release-macos-x86_64, r-release-windows-x86_64, r-oldrel-macos-arm64, r-oldrel-macos-x86_64, r-oldrel-windows-x86_64
These binaries (installable software) and packages are in development.
They may not be fully stable and should be used with caution. We make no claims about them.