CRAN Package Check Results for Package shinyNotes

Last updated on 2025-10-03 05:53:52 CEST.

Flavor Version Tinstall Tcheck Ttotal Status Flags
r-devel-linux-x86_64-debian-clang 0.0.3 4.10 42.74 46.84 OK
r-devel-linux-x86_64-debian-gcc 0.0.3 3.28 32.91 36.19 OK
r-devel-linux-x86_64-fedora-clang 0.0.3 78.09 OK
r-devel-linux-x86_64-fedora-gcc 0.0.3 71.93 OK
r-devel-windows-x86_64 0.0.3 6.00 64.00 70.00 OK
r-patched-linux-x86_64 0.0.3 4.47 40.98 45.45 OK
r-release-linux-x86_64 0.0.2 4.57 40.54 45.11 NOTE
r-release-macos-arm64 0.0.2 36.00 OK
r-release-macos-x86_64 0.0.3 124.00 OK
r-release-windows-x86_64 0.0.3 7.00 63.00 70.00 OK
r-oldrel-macos-arm64 0.0.2 31.00 OK
r-oldrel-macos-x86_64 0.0.3 113.00 OK
r-oldrel-windows-x86_64 0.0.3 7.00 70.00 77.00 OK

Check Details

Version: 0.0.2
Check: Rd cross-references
Result: NOTE Found the following Rd file(s) with Rd \link{} targets missing package anchors: connect_sqlite.Rd: RSQLite, DBI create_schema.Rd: RSQLite, DBI db.read_table.Rd: DBI, tibble db.write_table.Rd: DBI shinynotes.Rd: DBI Please provide package anchors for all Rd \link{} targets not in the package itself and the base packages. Flavor: r-release-linux-x86_64

These binaries (installable software) and packages are in development.
They may not be fully stable and should be used with caution. We make no claims about them.