CRAN Package Check Results for Package shinyRGL

Last updated on 2025-10-03 11:51:01 CEST.

Flavor Version Tinstall Tcheck Ttotal Status Flags
r-devel-linux-x86_64-debian-clang 0.1.0 3.66 36.45 40.11 NOTE
r-devel-linux-x86_64-debian-gcc 0.1.0 2.81 29.38 32.19 NOTE
r-devel-linux-x86_64-fedora-clang 0.1.0 58.01 OK
r-devel-linux-x86_64-fedora-gcc 0.1.0 56.24 OK
r-devel-windows-x86_64 0.1.0 7.00 58.00 65.00 OK
r-patched-linux-x86_64 0.1.0 3.19 34.97 38.16 OK
r-release-linux-x86_64 0.1.0 3.64 34.62 38.26 OK
r-release-macos-arm64 0.1.0 21.00 OK
r-release-macos-x86_64 0.1.0 30.00 OK
r-release-windows-x86_64 0.1.0 7.00 61.00 68.00 OK
r-oldrel-macos-arm64 0.1.0 21.00 OK
r-oldrel-macos-x86_64 0.1.0 33.00 OK
r-oldrel-windows-x86_64 0.1.0 8.00 63.00 71.00 OK

Check Details

Version: 0.1.0
Check: CRAN incoming feasibility
Result: NOTE Maintainer: ‘Jeff Allen <jeff@trestletech.com>’ No Authors@R field in DESCRIPTION. Please add one, modifying Authors@R: c(person(given = "Trestle", family = "Technology", role = "aut"), person(family = "LLC.", role = "aut"), person(given = "Jeff", family = "Allen", role = "cre", email = "jeff@trestletech.com")) as necessary. Flavors: r-devel-linux-x86_64-debian-clang, r-devel-linux-x86_64-debian-gcc

These binaries (installable software) and packages are in development.
They may not be fully stable and should be used with caution. We make no claims about them.