CRAN Package Check Results for Package shinySearchbar

Last updated on 2025-11-14 17:48:43 CET.

Flavor Version Tinstall Tcheck Ttotal Status Flags
r-devel-linux-x86_64-debian-clang 1.0.0 3.84 35.08 38.92 OK
r-devel-linux-x86_64-debian-gcc 1.0.0 2.74 27.16 29.90 OK
r-devel-linux-x86_64-fedora-clang 1.0.0 56.48 OK
r-devel-linux-x86_64-fedora-gcc 1.0.0 55.06 OK
r-devel-windows-x86_64 1.0.0 7.00 53.00 60.00 OK
r-patched-linux-x86_64 1.0.0 3.48 32.77 36.25 OK
r-release-linux-x86_64 1.0.0 3.16 32.69 35.85 OK
r-release-macos-arm64 1.0.0 2.00 23.00 25.00 OK
r-release-macos-x86_64 1.0.0 3.00 33.00 36.00 OK
r-release-windows-x86_64 1.0.0 7.00 50.00 57.00 OK
r-oldrel-macos-arm64 1.0.0 2.00 18.00 20.00 NOTE
r-oldrel-macos-x86_64 1.0.0 3.00 27.00 30.00 NOTE
r-oldrel-windows-x86_64 1.0.0 8.00 62.00 70.00 NOTE

Check Details

Version: 1.0.0
Check: LazyData
Result: NOTE 'LazyData' is specified without a 'data' directory Flavors: r-oldrel-macos-arm64, r-oldrel-macos-x86_64, r-oldrel-windows-x86_64

These binaries (installable software) and packages are in development.
They may not be fully stable and should be used with caution. We make no claims about them.