CRAN Package Check Results for Package shinyShortcut

Last updated on 2025-02-16 08:51:00 CET.

Flavor Version Tinstall Tcheck Ttotal Status Flags
r-devel-linux-x86_64-debian-clang 0.1.0 1.59 17.45 19.04 NOTE
r-devel-linux-x86_64-debian-gcc 0.1.0 1.25 14.29 15.54 NOTE
r-devel-linux-x86_64-fedora-clang 0.1.0 31.06 NOTE
r-devel-linux-x86_64-fedora-gcc 0.1.0 43.36 NOTE
r-devel-macos-arm64 0.1.0 25.00 OK
r-devel-macos-x86_64 0.1.0 42.00 OK
r-devel-windows-x86_64 0.1.0 3.00 40.00 43.00 OK
r-patched-linux-x86_64 0.1.0 1.56 16.52 18.08 NOTE
r-release-linux-x86_64 0.1.0 1.45 16.58 18.03 NOTE
r-release-macos-arm64 0.1.0 20.00 NOTE
r-release-macos-x86_64 0.1.0 28.00 NOTE
r-release-windows-x86_64 0.1.0 3.00 41.00 44.00 NOTE
r-oldrel-macos-arm64 0.1.0 26.00 NOTE
r-oldrel-macos-x86_64 0.1.0 37.00 NOTE
r-oldrel-windows-x86_64 0.1.0 2.00 64.00 66.00 NOTE

Check Details

Version: 0.1.0
Check: for non-standard things in the check directory
Result: NOTE Found the following files/directories: ‘.shiny_run’ ‘shinyShortcut.desktop’ Flavors: r-devel-linux-x86_64-debian-clang, r-devel-linux-x86_64-debian-gcc, r-devel-linux-x86_64-fedora-clang, r-devel-linux-x86_64-fedora-gcc, r-patched-linux-x86_64, r-release-linux-x86_64

Version: 0.1.0
Check: LazyData
Result: NOTE 'LazyData' is specified without a 'data' directory Flavors: r-patched-linux-x86_64, r-release-linux-x86_64, r-release-macos-arm64, r-release-macos-x86_64, r-release-windows-x86_64, r-oldrel-macos-arm64, r-oldrel-macos-x86_64, r-oldrel-windows-x86_64

These binaries (installable software) and packages are in development.
They may not be fully stable and should be used with caution. We make no claims about them.