Last updated on 2025-10-23 11:50:28 CEST.
Flavor | Version | Tinstall | Tcheck | Ttotal | Status | Flags |
---|---|---|---|---|---|---|
r-devel-linux-x86_64-debian-clang | 0.3.1 | 4.24 | 41.88 | 46.12 | NOTE | |
r-devel-linux-x86_64-debian-gcc | 0.3.1 | 3.31 | 32.08 | 35.39 | OK | |
r-devel-linux-x86_64-fedora-clang | 0.3.1 | 42.00 | 35.65 | 77.65 | OK | |
r-devel-linux-x86_64-fedora-gcc | 0.3.1 | 33.00 | 40.33 | 73.33 | OK | |
r-devel-windows-x86_64 | 0.3.1 | 6.00 | 64.00 | 70.00 | OK | |
r-patched-linux-x86_64 | 0.3.1 | 4.91 | 39.42 | 44.33 | OK | |
r-release-linux-x86_64 | 0.3.1 | 4.22 | 39.49 | 43.71 | OK | |
r-release-macos-arm64 | 0.3.1 | 3.00 | 31.00 | 34.00 | OK | |
r-release-macos-x86_64 | 0.3.1 | 4.00 | 51.00 | 55.00 | OK | |
r-release-windows-x86_64 | 0.3.1 | 8.00 | 68.00 | 76.00 | OK | |
r-oldrel-macos-arm64 | 0.3.1 | 2.00 | 38.00 | 40.00 | OK | |
r-oldrel-macos-x86_64 | 0.3.1 | 3.00 | 44.00 | 47.00 | OK | |
r-oldrel-windows-x86_64 | 0.3.1 | 9.00 | 78.00 | 87.00 | OK |
Version: 0.3.1
Check: HTML version of manual
Result: NOTE
Found the following HTML validation problems:
get_checked.html:56:1 (get_checked.Rd:17): Warning: missing </ul> before </div>
get_selected.html:56:1 (get_selected.Rd:17): Warning: missing </ul> before </div>
updateTree.html:55:1 (updateTree.Rd:14): Warning: missing </ul> before </div>
Flavor: r-devel-linux-x86_64-debian-clang
These binaries (installable software) and packages are in development.
They may not be fully stable and should be used with caution. We make no claims about them.