CRAN Package Check Results for Package shinyWidgets

Last updated on 2025-07-24 01:50:36 CEST.

Flavor Version Tinstall Tcheck Ttotal Status Flags
r-devel-linux-x86_64-debian-clang 0.9.0 8.88 82.31 91.19 NOTE
r-devel-linux-x86_64-debian-gcc 0.9.0 6.05 59.00 65.05 NOTE
r-devel-linux-x86_64-fedora-clang 0.9.0 138.61 NOTE
r-devel-linux-x86_64-fedora-gcc 0.9.0 131.23 NOTE
r-devel-windows-x86_64 0.9.0 14.00 131.00 145.00 NOTE
r-patched-linux-x86_64 0.9.0 11.75 76.37 88.12 NOTE
r-release-linux-x86_64 0.9.0 7.87 75.73 83.60 NOTE
r-release-macos-arm64 0.9.0 53.00 NOTE
r-release-macos-x86_64 0.9.0 99.00 NOTE
r-release-windows-x86_64 0.9.0 15.00 138.00 153.00 NOTE
r-oldrel-macos-arm64 0.9.0 47.00 OK
r-oldrel-macos-x86_64 0.9.0 89.00 OK
r-oldrel-windows-x86_64 0.9.0 17.00 149.00 166.00 OK

Check Details

Version: 0.9.0
Check: DESCRIPTION meta-information
Result: NOTE Missing dependency on R >= 4.1.0 because package code uses the pipe |> or function shorthand \(...) syntax added in R 4.1.0. File(s) using such syntax: ‘slimSelectInput.Rd’ Flavors: r-devel-linux-x86_64-debian-clang, r-devel-linux-x86_64-debian-gcc, r-devel-linux-x86_64-fedora-clang, r-devel-linux-x86_64-fedora-gcc, r-devel-windows-x86_64, r-patched-linux-x86_64, r-release-linux-x86_64, r-release-macos-arm64, r-release-macos-x86_64, r-release-windows-x86_64

These binaries (installable software) and packages are in development.
They may not be fully stable and should be used with caution. We make no claims about them.