Last updated on 2025-10-24 05:50:56 CEST.
| Flavor | Version | Tinstall | Tcheck | Ttotal | Status | Flags |
|---|---|---|---|---|---|---|
| r-devel-linux-x86_64-debian-clang | 1.0.1 | 1.65 | 24.24 | 25.89 | OK | |
| r-devel-linux-x86_64-debian-gcc | 1.0.1 | 1.46 | 19.07 | 20.53 | OK | |
| r-devel-linux-x86_64-fedora-clang | 1.0.1 | 40.04 | NOTE | |||
| r-devel-linux-x86_64-fedora-gcc | 1.0.1 | 52.94 | NOTE | |||
| r-devel-windows-x86_64 | 1.0.1 | 4.00 | 44.00 | 48.00 | OK | |
| r-patched-linux-x86_64 | 1.0.1 | 1.64 | 22.91 | 24.55 | OK | |
| r-release-linux-x86_64 | 1.0.1 | 1.73 | 23.00 | 24.73 | OK | |
| r-release-macos-arm64 | 1.0.1 | 1.00 | 22.00 | 23.00 | OK | |
| r-release-macos-x86_64 | 1.0.1 | 2.00 | 38.00 | 40.00 | OK | |
| r-release-windows-x86_64 | 1.0.1 | 5.00 | 45.00 | 50.00 | OK | |
| r-oldrel-macos-arm64 | 1.0.1 | 1.00 | 23.00 | 24.00 | NOTE | |
| r-oldrel-macos-x86_64 | 1.0.1 | 1.00 | 35.00 | 36.00 | NOTE | |
| r-oldrel-windows-x86_64 | 1.0.1 | 5.00 | 49.00 | 54.00 | NOTE |
Version: 1.0.1
Check: dependencies in R code
Result: NOTE
Namespace in Imports field not imported from: ‘shiny’
All declared Imports should be used.
Flavors: r-devel-linux-x86_64-fedora-clang, r-devel-linux-x86_64-fedora-gcc
Version: 1.0.1
Check: LazyData
Result: NOTE
'LazyData' is specified without a 'data' directory
Flavors: r-oldrel-macos-arm64, r-oldrel-macos-x86_64, r-oldrel-windows-x86_64
These binaries (installable software) and packages are in development.
They may not be fully stable and should be used with caution. We make no claims about them.