CRAN Package Check Results for Package shinyaframe

Last updated on 2025-02-16 08:51:00 CET.

Flavor Version Tinstall Tcheck Ttotal Status Flags
r-devel-linux-x86_64-debian-clang 1.0.1 1.70 21.89 23.59 OK
r-devel-linux-x86_64-debian-gcc 1.0.1 1.48 17.50 18.98 OK
r-devel-linux-x86_64-fedora-clang 1.0.1 40.00 NOTE
r-devel-linux-x86_64-fedora-gcc 1.0.1 49.99 NOTE
r-devel-macos-arm64 1.0.1 23.00 OK
r-devel-macos-x86_64 1.0.1 39.00 OK
r-devel-windows-x86_64 1.0.1 4.00 43.00 47.00 OK
r-patched-linux-x86_64 1.0.1 1.84 20.83 22.67 NOTE
r-release-linux-x86_64 1.0.1 1.78 21.10 22.88 NOTE
r-release-macos-arm64 1.0.1 24.00 NOTE
r-release-macos-x86_64 1.0.1 36.00 NOTE
r-release-windows-x86_64 1.0.1 4.00 46.00 50.00 NOTE
r-oldrel-macos-arm64 1.0.1 30.00 NOTE
r-oldrel-macos-x86_64 1.0.1 33.00 NOTE
r-oldrel-windows-x86_64 1.0.1 4.00 47.00 51.00 NOTE

Check Details

Version: 1.0.1
Check: dependencies in R code
Result: NOTE Namespace in Imports field not imported from: ‘shiny’ All declared Imports should be used. Flavors: r-devel-linux-x86_64-fedora-clang, r-devel-linux-x86_64-fedora-gcc

Version: 1.0.1
Check: LazyData
Result: NOTE 'LazyData' is specified without a 'data' directory Flavors: r-patched-linux-x86_64, r-release-linux-x86_64, r-release-macos-arm64, r-release-macos-x86_64, r-release-windows-x86_64, r-oldrel-macos-arm64, r-oldrel-macos-x86_64, r-oldrel-windows-x86_64

These binaries (installable software) and packages are in development.
They may not be fully stable and should be used with caution. We make no claims about them.