CRAN Package Check Results for Package shinyalert

Last updated on 2025-10-23 17:51:02 CEST.

Flavor Version Tinstall Tcheck Ttotal Status Flags
r-devel-linux-x86_64-debian-clang 3.1.0 1.64 21.07 22.71 NOTE
r-devel-linux-x86_64-debian-gcc 3.1.0 1.42 17.25 18.67 OK
r-devel-linux-x86_64-fedora-clang 3.1.0 31.85 OK
r-devel-linux-x86_64-fedora-gcc 3.1.0 30.77 OK
r-devel-windows-x86_64 3.1.0 4.00 39.00 43.00 OK
r-patched-linux-x86_64 3.1.0 1.93 18.68 20.61 OK
r-release-linux-x86_64 3.1.0 1.62 18.69 20.31 OK
r-release-macos-arm64 3.1.0 1.00 17.00 18.00 OK
r-release-macos-x86_64 3.1.0 2.00 23.00 25.00 OK
r-release-windows-x86_64 3.1.0 4.00 40.00 44.00 OK
r-oldrel-macos-arm64 3.1.0 1.00 14.00 15.00 OK
r-oldrel-macos-x86_64 3.1.0 2.00 18.00 20.00 OK
r-oldrel-windows-x86_64 3.1.0 5.00 43.00 48.00 OK

Check Details

Version: 3.1.0
Check: HTML version of manual
Result: NOTE Found the following HTML validation problems: closeAlert.html:52:1 (closeAlert.Rd:14): Warning: missing </ul> before </div> Flavor: r-devel-linux-x86_64-debian-clang

These binaries (installable software) and packages are in development.
They may not be fully stable and should be used with caution. We make no claims about them.