CRAN Package Check Results for Package shinyanimate

Last updated on 2025-10-03 15:50:02 CEST.

Flavor Version Tinstall Tcheck Ttotal Status Flags
r-devel-linux-x86_64-debian-clang 0.4.0 2.13 33.13 35.26 NOTE
r-devel-linux-x86_64-debian-gcc 0.4.0 2.21 25.36 27.57 NOTE
r-devel-linux-x86_64-fedora-clang 0.4.0 51.49 OK
r-devel-linux-x86_64-fedora-gcc 0.4.0 48.43 OK
r-devel-windows-x86_64 0.4.0 5.00 56.00 61.00 OK
r-patched-linux-x86_64 0.4.0 2.63 30.62 33.25 OK
r-release-linux-x86_64 0.4.0 2.19 30.36 32.55 OK
r-release-macos-arm64 0.4.0 30.00 OK
r-release-macos-x86_64 0.4.0 34.00 OK
r-release-windows-x86_64 0.4.0 5.00 55.00 60.00 OK
r-oldrel-macos-arm64 0.4.0 19.00 OK
r-oldrel-macos-x86_64 0.4.0 29.00 OK
r-oldrel-windows-x86_64 0.4.0 6.00 59.00 65.00 OK

Check Details

Version: 0.4.0
Check: CRAN incoming feasibility
Result: NOTE Maintainer: ‘Swechhya Bista <swechhyabista@gmail.com>’ No Authors@R field in DESCRIPTION. Please add one, modifying Authors@R: person(given = "Swechhya", family = "Bista", role = c("aut", "cre"), email = "swechhyabista@gmail.com") as necessary. Flavors: r-devel-linux-x86_64-debian-clang, r-devel-linux-x86_64-debian-gcc

These binaries (installable software) and packages are in development.
They may not be fully stable and should be used with caution. We make no claims about them.