CRAN Package Check Results for Package shinyanimate

Last updated on 2025-07-02 01:51:51 CEST.

Flavor Version Tinstall Tcheck Ttotal Status Flags
r-devel-linux-x86_64-debian-clang 0.4.0 2.59 31.30 33.89 NOTE
r-devel-linux-x86_64-debian-gcc 0.4.0 2.05 24.63 26.68 NOTE
r-devel-linux-x86_64-fedora-clang 0.4.0 52.08 OK
r-devel-linux-x86_64-fedora-gcc 0.4.0 49.00 OK
r-devel-windows-x86_64 0.4.0 5.00 55.00 60.00 OK
r-patched-linux-x86_64 OK
r-release-linux-x86_64 0.4.0 2.49 28.98 31.47 OK
r-release-macos-arm64 0.4.0 30.00 OK
r-release-macos-x86_64 0.4.0 34.00 OK
r-release-windows-x86_64 0.4.0 6.00 54.00 60.00 OK
r-oldrel-macos-arm64 0.4.0 19.00 OK
r-oldrel-macos-x86_64 0.4.0 29.00 OK
r-oldrel-windows-x86_64 0.4.0 6.00 57.00 63.00 OK

Check Details

Version: 0.4.0
Check: CRAN incoming feasibility
Result: NOTE Maintainer: ‘Swechhya Bista <swechhyabista@gmail.com>’ No Authors@R field in DESCRIPTION. Please add one, modifying Authors@R: person(given = "Swechhya", family = "Bista", role = c("aut", "cre"), email = "swechhyabista@gmail.com") as necessary. Flavors: r-devel-linux-x86_64-debian-clang, r-devel-linux-x86_64-debian-gcc

These binaries (installable software) and packages are in development.
They may not be fully stable and should be used with caution. We make no claims about them.