Last updated on 2025-10-25 11:48:47 CEST.
| Flavor | Version | Tinstall | Tcheck | Ttotal | Status | Flags |
|---|---|---|---|---|---|---|
| r-devel-linux-x86_64-debian-clang | 1.8.0 | 1.95 | 29.24 | 31.19 | OK | |
| r-devel-linux-x86_64-debian-gcc | 1.8.0 | 1.60 | 22.89 | 24.49 | OK | |
| r-devel-linux-x86_64-fedora-clang | 1.8.0 | 46.49 | OK | |||
| r-devel-linux-x86_64-fedora-gcc | 1.8.0 | 44.70 | OK | |||
| r-devel-windows-x86_64 | 1.8.0 | 6.00 | 45.00 | 51.00 | OK | |
| r-patched-linux-x86_64 | 1.8.0 | 1.98 | 26.57 | 28.55 | OK | |
| r-release-linux-x86_64 | 1.8.0 | 1.86 | 25.90 | 27.76 | OK | |
| r-release-macos-arm64 | 1.8.0 | 1.00 | 20.00 | 21.00 | OK | |
| r-release-macos-x86_64 | 1.8.0 | 2.00 | 33.00 | 35.00 | OK | |
| r-release-windows-x86_64 | 1.8.0 | 4.00 | 46.00 | 50.00 | OK | |
| r-oldrel-macos-arm64 | 1.8.0 | 1.00 | 18.00 | 19.00 | NOTE | |
| r-oldrel-macos-x86_64 | 1.8.0 | 2.00 | 26.00 | 28.00 | NOTE | |
| r-oldrel-windows-x86_64 | 1.8.0 | 5.00 | 54.00 | 59.00 | NOTE |
Version: 1.8.0
Check: package dependencies
Result: NOTE
Package suggested but not available for checking: ‘cmdstanr’
Flavors: r-oldrel-macos-arm64, r-oldrel-macos-x86_64, r-oldrel-windows-x86_64
These binaries (installable software) and packages are in development.
They may not be fully stable and should be used with caution. We make no claims about them.