Last updated on 2025-02-16 08:51:00 CET.
Flavor | Version | Tinstall | Tcheck | Ttotal | Status | Flags |
---|---|---|---|---|---|---|
r-devel-linux-x86_64-debian-clang | 1.0.0.1 | 5.34 | 35.09 | 40.43 | OK | |
r-devel-linux-x86_64-debian-gcc | 1.0.0.1 | 3.93 | 25.99 | 29.92 | OK | |
r-devel-linux-x86_64-fedora-clang | 1.0.0.1 | 75.34 | NOTE | |||
r-devel-linux-x86_64-fedora-gcc | 1.0.0.1 | 61.23 | NOTE | |||
r-devel-macos-arm64 | 1.0.0.1 | 21.00 | OK | |||
r-devel-macos-x86_64 | 1.0.0.1 | 38.00 | OK | |||
r-devel-windows-x86_64 | 1.0.0.1 | 8.00 | 53.00 | 61.00 | OK | |
r-patched-linux-x86_64 | 1.0.0.1 | 6.41 | 33.35 | 39.76 | OK | |
r-release-linux-x86_64 | 1.0.0.1 | 5.23 | 33.32 | 38.55 | OK | |
r-release-macos-arm64 | 1.0.0.1 | 21.00 | OK | |||
r-release-macos-x86_64 | 1.0.0.1 | 35.00 | OK | |||
r-release-windows-x86_64 | 1.0.0.1 | 8.00 | 61.00 | 69.00 | OK | |
r-oldrel-macos-arm64 | 1.0.0.1 | 30.00 | OK | |||
r-oldrel-macos-x86_64 | 1.0.0.1 | 43.00 | OK | |||
r-oldrel-windows-x86_64 | 1.0.0.1 | 11.00 | 58.00 | 69.00 | OK |
Version: 1.0.0.1
Check: dependencies in R code
Result: NOTE
Namespaces in Imports field not imported from:
‘DT’ ‘billboarder’ ‘glue’ ‘scrypt’ ‘yaml’
All declared Imports should be used.
Flavors: r-devel-linux-x86_64-fedora-clang, r-devel-linux-x86_64-fedora-gcc
These binaries (installable software) and packages are in development.
They may not be fully stable and should be used with caution. We make no claims about them.