Last updated on 2025-10-23 21:51:41 CEST.
Flavor | Version | Tinstall | Tcheck | Ttotal | Status | Flags |
---|---|---|---|---|---|---|
r-devel-linux-x86_64-debian-clang | 0.1.1 | 1.77 | 19.78 | 21.55 | OK | |
r-devel-linux-x86_64-debian-gcc | 0.1.1 | 1.43 | 16.34 | 17.77 | OK | |
r-devel-linux-x86_64-fedora-clang | 0.1.1 | 29.87 | NOTE | |||
r-devel-linux-x86_64-fedora-gcc | 0.1.1 | 28.68 | NOTE | |||
r-devel-windows-x86_64 | 0.1.1 | 3.00 | 37.00 | 40.00 | OK | |
r-patched-linux-x86_64 | 0.1.1 | 1.77 | 17.50 | 19.27 | OK | |
r-release-linux-x86_64 | 0.1.1 | 1.68 | 17.70 | 19.38 | OK | |
r-release-macos-arm64 | 0.1.1 | 1.00 | 18.00 | 19.00 | OK | |
r-release-macos-x86_64 | 0.1.1 | 2.00 | 22.00 | 24.00 | OK | |
r-release-windows-x86_64 | 0.1.1 | 3.00 | 38.00 | 41.00 | OK | |
r-oldrel-macos-arm64 | 0.1.1 | 1.00 | 14.00 | 15.00 | OK | |
r-oldrel-macos-x86_64 | 0.1.1 | 1.00 | 20.00 | 21.00 | OK | |
r-oldrel-windows-x86_64 | 0.1.1 | 5.00 | 42.00 | 47.00 | OK |
Version: 0.1.1
Check: dependencies in R code
Result: NOTE
Namespace in Imports field not imported from: ‘shiny’
All declared Imports should be used.
Flavors: r-devel-linux-x86_64-fedora-clang, r-devel-linux-x86_64-fedora-gcc
These binaries (installable software) and packages are in development.
They may not be fully stable and should be used with caution. We make no claims about them.