Last updated on 2024-07-27 15:50:33 CEST.
Flavor | Version | Tinstall | Tcheck | Ttotal | Status | Flags |
---|---|---|---|---|---|---|
r-devel-linux-x86_64-debian-clang | 0.1.4 | 4.54 | 40.03 | 44.57 | OK | |
r-devel-linux-x86_64-debian-gcc | 0.1.4 | NOTE | ||||
r-devel-linux-x86_64-fedora-clang | 0.1.4 | 56.18 | OK | |||
r-devel-linux-x86_64-fedora-gcc | 0.1.4 | 52.50 | OK | |||
r-devel-windows-x86_64 | 0.1.4 | 8.00 | 51.00 | 59.00 | NOTE | |
r-patched-linux-x86_64 | 0.1.4 | OK | ||||
r-release-linux-x86_64 | 0.1.4 | 2.56 | 38.86 | 41.42 | OK | |
r-release-macos-arm64 | 0.1.4 | 21.00 | OK | |||
r-release-macos-x86_64 | 0.1.4 | 33.00 | OK | |||
r-release-windows-x86_64 | 0.1.4 | 6.00 | 52.00 | 58.00 | OK | |
r-oldrel-macos-arm64 | 0.1.4 | 20.00 | OK | |||
r-oldrel-macos-x86_64 | 0.1.4 | 30.00 | OK | |||
r-oldrel-windows-x86_64 | 0.1.4 | 7.00 | 58.00 | 65.00 | OK |
Version: 0.1.4
Check: Rd cross-references
Result: NOTE
Found the following Rd file(s) with Rd \link{} targets missing package
anchors:
downloadablePlot.Rd: renderPlot
downloadablePlotUI.Rd: plotOutput
Please provide package anchors for all Rd \link{} targets not in the
package itself and the base packages.
Flavors: r-devel-linux-x86_64-debian-gcc, r-devel-windows-x86_64
These binaries (installable software) and packages are in development.
They may not be fully stable and should be used with caution. We make no claims about them.