CRAN Package Check Results for Package shinydlplot

Last updated on 2025-02-16 08:51:00 CET.

Flavor Version Tinstall Tcheck Ttotal Status Flags
r-devel-linux-x86_64-debian-clang 0.1.4 3.59 32.40 35.99 NOTE
r-devel-linux-x86_64-debian-gcc 0.1.4 2.85 24.05 26.90 NOTE
r-devel-linux-x86_64-fedora-clang 0.1.4 56.79 OK
r-devel-linux-x86_64-fedora-gcc 0.1.4 53.04 OK
r-devel-macos-arm64 0.1.4 23.00 OK
r-devel-macos-x86_64 0.1.4 34.00 OK
r-devel-windows-x86_64 0.1.4 5.00 62.00 67.00 NOTE
r-patched-linux-x86_64 0.1.4 8.52 30.20 38.72 OK
r-release-linux-x86_64 0.1.4 2.60 30.41 33.01 OK
r-release-macos-arm64 0.1.4 21.00 OK
r-release-macos-x86_64 0.1.4 33.00 OK
r-release-windows-x86_64 0.1.4 5.00 52.00 57.00 OK
r-oldrel-macos-arm64 0.1.4 20.00 OK
r-oldrel-macos-x86_64 0.1.4 30.00 OK
r-oldrel-windows-x86_64 0.1.4 7.00 51.00 58.00 OK

Check Details

Version: 0.1.4
Check: Rd cross-references
Result: NOTE Found the following Rd file(s) with Rd \link{} targets missing package anchors: downloadablePlot.Rd: renderPlot downloadablePlotUI.Rd: plotOutput Please provide package anchors for all Rd \link{} targets not in the package itself and the base packages. Flavors: r-devel-linux-x86_64-debian-clang, r-devel-linux-x86_64-debian-gcc, r-devel-windows-x86_64

These binaries (installable software) and packages are in development.
They may not be fully stable and should be used with caution. We make no claims about them.