CRAN Package Check Results for Package shinyfilter

Last updated on 2025-05-08 04:52:19 CEST.

Flavor Version Tinstall Tcheck Ttotal Status Flags
r-devel-linux-x86_64-debian-clang 0.1.1 2.21 19.51 21.72 OK
r-devel-linux-x86_64-debian-gcc 0.1.1 1.61 15.79 17.40 OK
r-devel-linux-x86_64-fedora-clang 0.1.1 33.28 NOTE
r-devel-linux-x86_64-fedora-gcc 0.1.1 30.09 NOTE
r-devel-windows-x86_64 0.1.1 5.00 38.00 43.00 OK
r-patched-linux-x86_64 0.1.1 2.26 17.48 19.74 OK
r-release-linux-x86_64 0.1.1 1.96 17.68 19.64 OK
r-release-macos-arm64 0.1.1 13.00 OK
r-release-macos-x86_64 0.1.1 25.00 OK
r-release-windows-x86_64 0.1.1 5.00 41.00 46.00 OK
r-oldrel-macos-arm64 0.1.1 14.00 OK
r-oldrel-macos-x86_64 0.1.1 22.00 OK
r-oldrel-windows-x86_64 0.1.1 5.00 41.00 46.00 OK

Check Details

Version: 0.1.1
Check: dependencies in R code
Result: NOTE Namespace in Imports field not imported from: ‘reactable’ All declared Imports should be used. Flavors: r-devel-linux-x86_64-fedora-clang, r-devel-linux-x86_64-fedora-gcc

These binaries (installable software) and packages are in development.
They may not be fully stable and should be used with caution. We make no claims about them.