Last updated on 2025-11-14 17:48:43 CET.
| Flavor | Version | Tinstall | Tcheck | Ttotal | Status | Flags |
|---|---|---|---|---|---|---|
| r-devel-linux-x86_64-debian-clang | 1.1.0 | 2.75 | 34.51 | 37.26 | OK | |
| r-devel-linux-x86_64-debian-gcc | 1.1.0 | 2.09 | 26.22 | 28.31 | OK | |
| r-devel-linux-x86_64-fedora-clang | 1.1.0 | 54.76 | OK | |||
| r-devel-linux-x86_64-fedora-gcc | 1.1.0 | 54.30 | OK | |||
| r-devel-windows-x86_64 | 1.1.0 | 5.00 | 51.00 | 56.00 | OK | |
| r-patched-linux-x86_64 | 1.1.0 | 2.80 | 31.93 | 34.73 | OK | |
| r-release-linux-x86_64 | 1.1.0 | 2.74 | 31.72 | 34.46 | OK | |
| r-release-macos-arm64 | 1.1.0 | 1.00 | 21.00 | 22.00 | OK | |
| r-release-macos-x86_64 | 1.1.0 | 2.00 | 32.00 | 34.00 | OK | |
| r-release-windows-x86_64 | 1.1.0 | 5.00 | 49.00 | 54.00 | OK | |
| r-oldrel-macos-arm64 | 1.1.0 | 1.00 | 19.00 | 20.00 | NOTE | |
| r-oldrel-macos-x86_64 | 1.1.0 | 2.00 | 27.00 | 29.00 | NOTE | |
| r-oldrel-windows-x86_64 | 1.1.0 | 5.00 | 57.00 | 62.00 | NOTE |
Version: 1.1.0
Check: LazyData
Result: NOTE
'LazyData' is specified without a 'data' directory
Flavors: r-oldrel-macos-arm64, r-oldrel-macos-x86_64, r-oldrel-windows-x86_64
These binaries (installable software) and packages are in development.
They may not be fully stable and should be used with caution. We make no claims about them.