CRAN Package Check Results for Package shinyfullscreen

Last updated on 2025-10-03 07:49:56 CEST.

Flavor Version Tinstall Tcheck Ttotal Status Flags
r-devel-linux-x86_64-debian-clang 1.1.0 2.27 34.57 36.84 OK
r-devel-linux-x86_64-debian-gcc 1.1.0 2.05 26.54 28.59 OK
r-devel-linux-x86_64-fedora-clang 1.1.0 54.00 OK
r-devel-linux-x86_64-fedora-gcc 1.1.0 50.94 OK
r-devel-windows-x86_64 1.1.0 5.00 51.00 56.00 OK
r-patched-linux-x86_64 1.1.0 2.74 31.66 34.40 OK
r-release-linux-x86_64 1.1.0 2.41 31.68 34.09 OK
r-release-macos-arm64 1.1.0 22.00 OK
r-release-macos-x86_64 1.1.0 34.00 OK
r-release-windows-x86_64 1.1.0 6.00 52.00 58.00 OK
r-oldrel-macos-arm64 1.1.0 20.00 NOTE
r-oldrel-macos-x86_64 1.1.0 29.00 NOTE
r-oldrel-windows-x86_64 1.1.0 6.00 56.00 62.00 NOTE

Check Details

Version: 1.1.0
Check: LazyData
Result: NOTE 'LazyData' is specified without a 'data' directory Flavors: r-oldrel-macos-arm64, r-oldrel-macos-x86_64, r-oldrel-windows-x86_64

These binaries (installable software) and packages are in development.
They may not be fully stable and should be used with caution. We make no claims about them.