CRAN Package Check Results for Package shinyfullscreen

Last updated on 2025-05-01 15:49:44 CEST.

Flavor Version Tinstall Tcheck Ttotal Status Flags
r-devel-linux-x86_64-debian-clang 1.1.0 2.77 33.11 35.88 OK
r-devel-linux-x86_64-debian-gcc 1.1.0 2.06 25.37 27.43 OK
r-devel-linux-x86_64-fedora-clang 1.1.0 56.21 OK
r-devel-linux-x86_64-fedora-gcc 1.1.0 51.05 OK
r-devel-windows-x86_64 1.1.0 4.00 54.00 58.00 OK
r-patched-linux-x86_64 1.1.0 2.57 30.58 33.15 OK
r-release-linux-x86_64 OK
r-release-macos-arm64 1.1.0 22.00 OK
r-release-macos-x86_64 1.1.0 34.00 OK
r-release-windows-x86_64 1.1.0 5.00 58.00 63.00 OK
r-oldrel-macos-arm64 1.1.0 20.00 NOTE
r-oldrel-macos-x86_64 1.1.0 29.00 NOTE
r-oldrel-windows-x86_64 1.1.0 5.00 54.00 59.00 NOTE

Check Details

Version: 1.1.0
Check: LazyData
Result: NOTE 'LazyData' is specified without a 'data' directory Flavors: r-oldrel-macos-arm64, r-oldrel-macos-x86_64, r-oldrel-windows-x86_64

These binaries (installable software) and packages are in development.
They may not be fully stable and should be used with caution. We make no claims about them.