CRAN Package Check Results for Package shinyhelper

Last updated on 2025-02-16 08:51:00 CET.

Flavor Version Tinstall Tcheck Ttotal Status Flags
r-devel-linux-x86_64-debian-clang 0.3.2 1.78 17.70 19.48 OK
r-devel-linux-x86_64-debian-gcc 0.3.2 1.40 14.05 15.45 OK
r-devel-linux-x86_64-fedora-clang 0.3.2 31.42 NOTE
r-devel-linux-x86_64-fedora-gcc 0.3.2 29.68 NOTE
r-devel-macos-arm64 0.3.2 17.00 OK
r-devel-macos-x86_64 0.3.2 27.00 OK
r-devel-windows-x86_64 0.3.2 3.00 42.00 45.00 OK
r-patched-linux-x86_64 0.3.2 1.60 16.79 18.39 OK
r-release-linux-x86_64 0.3.2 1.77 16.86 18.63 OK
r-release-macos-arm64 0.3.2 16.00 OK
r-release-macos-x86_64 0.3.2 21.00 OK
r-release-windows-x86_64 0.3.2 3.00 42.00 45.00 OK
r-oldrel-macos-arm64 0.3.2 19.00 OK
r-oldrel-macos-x86_64 0.3.2 20.00 OK
r-oldrel-windows-x86_64 0.3.2 4.00 42.00 46.00 OK

Check Details

Version: 0.3.2
Check: dependencies in R code
Result: NOTE Namespace in Imports field not imported from: ‘markdown’ All declared Imports should be used. Flavors: r-devel-linux-x86_64-fedora-clang, r-devel-linux-x86_64-fedora-gcc

These binaries (installable software) and packages are in development.
They may not be fully stable and should be used with caution. We make no claims about them.