Last updated on 2025-10-23 17:51:02 CEST.
Flavor | Version | Tinstall | Tcheck | Ttotal | Status | Flags |
---|---|---|---|---|---|---|
r-devel-linux-x86_64-debian-clang | 0.3.2 | 1.67 | 19.70 | 21.37 | OK | |
r-devel-linux-x86_64-debian-gcc | 0.3.2 | 1.38 | 16.65 | 18.03 | OK | |
r-devel-linux-x86_64-fedora-clang | 0.3.2 | 31.19 | NOTE | |||
r-devel-linux-x86_64-fedora-gcc | 0.3.2 | 30.62 | NOTE | |||
r-devel-windows-x86_64 | 0.3.2 | 4.00 | 39.00 | 43.00 | OK | |
r-patched-linux-x86_64 | 0.3.2 | 1.35 | 18.52 | 19.87 | OK | |
r-release-linux-x86_64 | 0.3.2 | 1.74 | 18.54 | 20.28 | OK | |
r-release-macos-arm64 | 0.3.2 | 1.00 | 20.00 | 21.00 | OK | |
r-release-macos-x86_64 | 0.3.2 | 2.00 | 23.00 | 25.00 | OK | |
r-release-windows-x86_64 | 0.3.2 | 4.00 | 39.00 | 43.00 | OK | |
r-oldrel-macos-arm64 | 0.3.2 | 1.00 | 15.00 | 16.00 | OK | |
r-oldrel-macos-x86_64 | 0.3.2 | 2.00 | 19.00 | 21.00 | OK | |
r-oldrel-windows-x86_64 | 0.3.2 | 5.00 | 44.00 | 49.00 | OK |
Version: 0.3.2
Check: dependencies in R code
Result: NOTE
Namespace in Imports field not imported from: ‘markdown’
All declared Imports should be used.
Flavors: r-devel-linux-x86_64-fedora-clang, r-devel-linux-x86_64-fedora-gcc
These binaries (installable software) and packages are in development.
They may not be fully stable and should be used with caution. We make no claims about them.