CRAN Package Check Results for Package shinyhttr

Last updated on 2025-11-13 17:50:48 CET.

Flavor Version Tinstall Tcheck Ttotal Status Flags
r-devel-linux-x86_64-debian-clang 1.1.0 1.74 19.90 21.64 OK
r-devel-linux-x86_64-debian-gcc 1.1.0 1.43 16.26 17.69 OK
r-devel-linux-x86_64-fedora-clang 1.1.0 29.85 NOTE
r-devel-linux-x86_64-fedora-gcc 1.1.0 29.08 NOTE
r-devel-windows-x86_64 1.1.0 5.00 38.00 43.00 OK
r-patched-linux-x86_64 1.1.0 1.66 17.75 19.41 OK
r-release-linux-x86_64 1.1.0 1.76 17.73 19.49 OK
r-release-macos-arm64 1.1.0 1.00 15.00 16.00 OK
r-release-macos-x86_64 1.1.0 2.00 27.00 29.00 OK
r-release-windows-x86_64 1.1.0 3.00 37.00 40.00 OK
r-oldrel-macos-arm64 1.1.0 1.00 13.00 14.00 NOTE
r-oldrel-macos-x86_64 1.1.0 2.00 18.00 20.00 NOTE
r-oldrel-windows-x86_64 1.1.0 5.00 40.00 45.00 NOTE

Check Details

Version: 1.1.0
Check: dependencies in R code
Result: NOTE Namespace in Imports field not imported from: ‘httr’ All declared Imports should be used. Flavors: r-devel-linux-x86_64-fedora-clang, r-devel-linux-x86_64-fedora-gcc

Version: 1.1.0
Check: LazyData
Result: NOTE 'LazyData' is specified without a 'data' directory Flavors: r-oldrel-macos-arm64, r-oldrel-macos-x86_64, r-oldrel-windows-x86_64

These binaries (installable software) and packages are in development.
They may not be fully stable and should be used with caution. We make no claims about them.