CRAN Package Check Results for Package shinyhttr

Last updated on 2025-07-24 03:50:12 CEST.

Flavor Version Tinstall Tcheck Ttotal Status Flags
r-devel-linux-x86_64-debian-clang 1.1.0 1.67 18.50 20.17 OK
r-devel-linux-x86_64-debian-gcc 1.1.0 1.25 16.10 17.35 OK
r-devel-linux-x86_64-fedora-clang 1.1.0 30.28 NOTE
r-devel-linux-x86_64-fedora-gcc 1.1.0 28.57 NOTE
r-devel-windows-x86_64 1.1.0 5.00 38.00 43.00 OK
r-patched-linux-x86_64 1.1.0 1.74 16.58 18.32 OK
r-release-linux-x86_64 1.1.0 1.70 16.25 17.95 OK
r-release-macos-arm64 1.1.0 16.00 OK
r-release-macos-x86_64 1.1.0 29.00 OK
r-release-windows-x86_64 1.1.0 4.00 40.00 44.00 OK
r-oldrel-macos-arm64 1.1.0 14.00 NOTE
r-oldrel-macos-x86_64 1.1.0 20.00 NOTE
r-oldrel-windows-x86_64 1.1.0 5.00 41.00 46.00 NOTE

Check Details

Version: 1.1.0
Check: dependencies in R code
Result: NOTE Namespace in Imports field not imported from: ‘httr’ All declared Imports should be used. Flavors: r-devel-linux-x86_64-fedora-clang, r-devel-linux-x86_64-fedora-gcc

Version: 1.1.0
Check: LazyData
Result: NOTE 'LazyData' is specified without a 'data' directory Flavors: r-oldrel-macos-arm64, r-oldrel-macos-x86_64, r-oldrel-windows-x86_64

These binaries (installable software) and packages are in development.
They may not be fully stable and should be used with caution. We make no claims about them.