Last updated on 2025-10-03 17:48:47 CEST.
Flavor | Version | Tinstall | Tcheck | Ttotal | Status | Flags |
---|---|---|---|---|---|---|
r-devel-linux-x86_64-debian-clang | 2.1.0 | 2.57 | 34.84 | 37.41 | NOTE | |
r-devel-linux-x86_64-debian-gcc | 2.1.0 | 1.85 | 26.47 | 28.32 | NOTE | |
r-devel-linux-x86_64-fedora-clang | 2.1.0 | 54.74 | NOTE | |||
r-devel-linux-x86_64-fedora-gcc | 2.1.0 | 67.24 | NOTE | |||
r-devel-windows-x86_64 | 2.1.0 | 5.00 | 62.00 | 67.00 | NOTE | |
r-patched-linux-x86_64 | 2.1.0 | 3.01 | 32.94 | 35.95 | NOTE | |
r-release-linux-x86_64 | 2.1.0 | 2.49 | 32.95 | 35.44 | NOTE | |
r-release-macos-arm64 | 2.1.0 | 46.00 | NOTE | |||
r-release-macos-x86_64 | 2.1.0 | 57.00 | NOTE | |||
r-release-windows-x86_64 | 2.1.0 | 5.00 | 61.00 | 66.00 | NOTE | |
r-oldrel-macos-arm64 | 2.1.0 | 37.00 | NOTE | |||
r-oldrel-macos-x86_64 | 2.1.0 | 53.00 | NOTE | |||
r-oldrel-windows-x86_64 | 2.1.0 | 6.00 | 67.00 | 73.00 | NOTE |
Version: 2.1.0
Check: Rd files
Result: NOTE
checkRd: (-1) shinyjs-defunct.Rd:18: Lost braces in \itemize; meant \describe ?
checkRd: (-1) shinyjs-defunct.Rd:19: Lost braces in \itemize; meant \describe ?
checkRd: (-1) shinyjs-defunct.Rd:20: Lost braces in \itemize; meant \describe ?
Flavors: r-devel-linux-x86_64-debian-clang, r-devel-linux-x86_64-debian-gcc, r-devel-linux-x86_64-fedora-clang, r-devel-linux-x86_64-fedora-gcc, r-devel-windows-x86_64, r-patched-linux-x86_64, r-release-linux-x86_64, r-release-macos-arm64, r-release-macos-x86_64, r-release-windows-x86_64, r-oldrel-macos-arm64, r-oldrel-macos-x86_64, r-oldrel-windows-x86_64
These binaries (installable software) and packages are in development.
They may not be fully stable and should be used with caution. We make no claims about them.