CRAN Package Check Results for Package shinyjs

Last updated on 2025-07-25 19:49:55 CEST.

Flavor Version Tinstall Tcheck Ttotal Status Flags
r-devel-linux-x86_64-debian-clang 2.1.0 2.29 33.20 35.49 NOTE
r-devel-linux-x86_64-debian-gcc 2.1.0 1.91 26.14 28.05 NOTE
r-devel-linux-x86_64-fedora-clang 2.1.0 56.54 NOTE
r-devel-linux-x86_64-fedora-gcc 2.1.0 69.70 NOTE
r-devel-windows-x86_64 2.1.0 5.00 74.00 79.00 NOTE
r-patched-linux-x86_64 2.1.0 2.25 31.25 33.50 NOTE
r-release-linux-x86_64 2.1.0 2.17 31.40 33.57 NOTE
r-release-macos-arm64 2.1.0 46.00 NOTE
r-release-macos-x86_64 2.1.0 57.00 NOTE
r-release-windows-x86_64 2.1.0 5.00 61.00 66.00 NOTE
r-oldrel-macos-arm64 2.1.0 37.00 NOTE
r-oldrel-macos-x86_64 2.1.0 53.00 NOTE
r-oldrel-windows-x86_64 2.1.0 6.00 68.00 74.00 NOTE

Check Details

Version: 2.1.0
Check: Rd files
Result: NOTE checkRd: (-1) shinyjs-defunct.Rd:18: Lost braces in \itemize; meant \describe ? checkRd: (-1) shinyjs-defunct.Rd:19: Lost braces in \itemize; meant \describe ? checkRd: (-1) shinyjs-defunct.Rd:20: Lost braces in \itemize; meant \describe ? Flavors: r-devel-linux-x86_64-debian-clang, r-devel-linux-x86_64-debian-gcc, r-devel-linux-x86_64-fedora-clang, r-devel-linux-x86_64-fedora-gcc, r-devel-windows-x86_64, r-patched-linux-x86_64, r-release-linux-x86_64, r-release-macos-arm64, r-release-macos-x86_64, r-release-windows-x86_64, r-oldrel-macos-arm64, r-oldrel-macos-x86_64, r-oldrel-windows-x86_64

These binaries (installable software) and packages are in development.
They may not be fully stable and should be used with caution. We make no claims about them.