Last updated on 2025-07-27 03:50:20 CEST.
Flavor | Version | Tinstall | Tcheck | Ttotal | Status | Flags |
---|---|---|---|---|---|---|
r-devel-linux-x86_64-debian-clang | 0.2.1 | 6.61 | 66.98 | 73.59 | NOTE | |
r-devel-linux-x86_64-debian-gcc | 0.2.1 | 5.00 | 46.08 | 51.08 | NOTE | |
r-devel-linux-x86_64-fedora-clang | 0.2.1 | 114.54 | NOTE | |||
r-devel-linux-x86_64-fedora-gcc | 0.2.1 | 116.39 | NOTE | |||
r-devel-windows-x86_64 | 0.2.1 | 7.00 | 78.00 | 85.00 | NOTE | |
r-patched-linux-x86_64 | 0.2.1 | 5.94 | 59.13 | 65.07 | NOTE | |
r-release-linux-x86_64 | 0.2.1 | 5.98 | 59.30 | 65.28 | NOTE | |
r-release-macos-arm64 | 0.2.1 | 48.00 | NOTE | |||
r-release-macos-x86_64 | 0.2.1 | 75.00 | NOTE | |||
r-release-windows-x86_64 | 0.2.1 | 7.00 | 78.00 | 85.00 | NOTE | |
r-oldrel-macos-arm64 | 0.2.1 | 38.00 | NOTE | |||
r-oldrel-macos-x86_64 | 0.2.1 | 58.00 | NOTE | |||
r-oldrel-windows-x86_64 | 0.2.1 | 10.00 | 95.00 | 105.00 | NOTE |
Version: 0.2.1
Check: Rd files
Result: NOTE
checkRd: (-1) store_googledrive.Rd:19: Lost braces; missing escapes or markup?
19 | See the {gargle} package to manage authentication, and especially
| ^
checkRd: (-1) store_googledrive.Rd:20: Lost braces; missing escapes or markup?
20 | \href{https://gargle.r-lib.org/articles/articles/managing-tokens-securely.html}{this vignette from {gargle} package} to manage the process.
| ^
Flavors: r-devel-linux-x86_64-debian-clang, r-devel-linux-x86_64-debian-gcc, r-devel-linux-x86_64-fedora-clang, r-devel-linux-x86_64-fedora-gcc, r-devel-windows-x86_64, r-patched-linux-x86_64, r-release-linux-x86_64, r-release-macos-arm64, r-release-macos-x86_64, r-release-windows-x86_64, r-oldrel-macos-arm64, r-oldrel-macos-x86_64, r-oldrel-windows-x86_64
These binaries (installable software) and packages are in development.
They may not be fully stable and should be used with caution. We make no claims about them.